CRAN Package Check Results for Package parma

Last updated on 2020-12-04 00:48:29 CET.

Flavor Version Tinstall Tcheck Ttotal Status Flags
r-devel-linux-x86_64-debian-clang 1.5-3 22.86 83.38 106.24 OK
r-devel-linux-x86_64-debian-gcc 1.5-3 16.10 65.98 82.08 OK
r-devel-linux-x86_64-fedora-clang 1.5-3 127.50 NOTE
r-devel-linux-x86_64-fedora-gcc 1.5-3 120.90 NOTE
r-devel-windows-ix86+x86_64 1.5-3 32.00 84.00 116.00 OK
r-patched-linux-x86_64 1.5-3 18.91 77.38 96.29 OK
r-patched-solaris-x86 1.5-3 141.40 NOTE
r-release-linux-x86_64 1.5-3 15.96 78.03 93.99 OK
r-release-macos-x86_64 1.5-3 NOTE
r-release-windows-ix86+x86_64 1.5-3 28.00 113.00 141.00 OK
r-oldrel-macos-x86_64 1.5-3 NOTE
r-oldrel-windows-ix86+x86_64 1.5-3 23.00 103.00 126.00 OK

Check Details

Version: 1.5-3
Check: compiled code
Result: NOTE
    File ‘parma/libs/parma.so’:
     Found no calls to: ‘R_registerRoutines’, ‘R_useDynamicSymbols’
    
    It is good practice to register native routines and to disable symbol
    search.
    
    See ‘Writing portable packages’ in the ‘Writing R Extensions’ manual.
Flavors: r-devel-linux-x86_64-fedora-clang, r-devel-linux-x86_64-fedora-gcc

Version: 1.5-3
Check: package dependencies
Result: NOTE
    Package suggested but not available for checking: ‘Rsymphony’
Flavors: r-patched-solaris-x86, r-release-macos-x86_64, r-oldrel-macos-x86_64