CRAN Package Check Results for Package paramhetero

Last updated on 2020-12-04 00:48:29 CET.

Flavor Version Tinstall Tcheck Ttotal Status Flags
r-devel-linux-x86_64-debian-clang 0.2.0 11.33 75.06 86.39 OK
r-devel-linux-x86_64-debian-gcc 0.2.0 8.15 58.96 67.11 OK
r-devel-linux-x86_64-fedora-clang 0.2.0 107.25 NOTE
r-devel-linux-x86_64-fedora-gcc 0.2.0 95.58 NOTE
r-devel-windows-ix86+x86_64 0.2.0 22.00 69.00 91.00 OK
r-patched-linux-x86_64 0.2.0 9.33 71.79 81.12 OK
r-patched-solaris-x86 0.2.0 143.20 NOTE
r-release-linux-x86_64 0.2.0 6.80 73.54 80.34 OK
r-release-macos-x86_64 0.2.0 NOTE
r-release-windows-ix86+x86_64 0.2.0 16.00 70.00 86.00 OK
r-oldrel-macos-x86_64 0.2.0 NOTE
r-oldrel-windows-ix86+x86_64 0.2.0 20.00 87.00 107.00 OK

Check Details

Version: 0.2.0
Check: dependencies in R code
Result: NOTE
    Namespace in Imports field not imported from: ‘survey’
     All declared Imports should be used.
Flavors: r-devel-linux-x86_64-fedora-clang, r-devel-linux-x86_64-fedora-gcc, r-patched-solaris-x86, r-release-macos-x86_64, r-oldrel-macos-x86_64