CRAN Package Check Results for Package parameters

Last updated on 2020-12-04 00:48:29 CET.

Flavor Version Tinstall Tcheck Ttotal Status Flags
r-devel-linux-x86_64-debian-clang 0.10.0 22.43 408.51 430.94 OK
r-devel-linux-x86_64-debian-gcc 0.10.0 18.47 298.69 317.16 OK
r-devel-linux-x86_64-fedora-clang 0.10.0 513.12 OK
r-devel-linux-x86_64-fedora-gcc 0.10.0 525.03 OK
r-devel-windows-ix86+x86_64 0.10.0 34.00 404.00 438.00 OK
r-patched-linux-x86_64 0.10.0 17.96 391.87 409.83 OK
r-patched-solaris-x86 0.10.0 618.40 NOTE
r-release-linux-x86_64 0.10.0 20.09 403.20 423.29 OK
r-release-macos-x86_64 0.10.0 NOTE
r-release-windows-ix86+x86_64 0.9.0 21.00 339.00 360.00 OK
r-oldrel-macos-x86_64 0.10.0 NOTE
r-oldrel-windows-ix86+x86_64 0.10.0 25.00 386.00 411.00 OK

Check Details

Version: 0.10.0
Check: package dependencies
Result: NOTE
    Package suggested but not available for checking: ‘M3C’
Flavors: r-patched-solaris-x86, r-release-macos-x86_64, r-oldrel-macos-x86_64