CRAN Package Check Results for Package parSim

Last updated on 2020-12-04 00:48:29 CET.

Flavor Version Tinstall Tcheck Ttotal Status Flags
r-devel-linux-x86_64-debian-clang 0.1.4 4.64 39.28 43.92 OK
r-devel-linux-x86_64-debian-gcc 0.1.4 3.32 31.74 35.06 OK
r-devel-linux-x86_64-fedora-clang 0.1.4 56.05 NOTE
r-devel-linux-x86_64-fedora-gcc 0.1.4 47.21 NOTE
r-devel-windows-ix86+x86_64 0.1.4 10.00 40.00 50.00 OK
r-patched-linux-x86_64 0.1.4 4.49 37.40 41.89 OK
r-patched-solaris-x86 0.1.4 67.60 NOTE
r-release-linux-x86_64 0.1.4 4.32 40.00 44.32 OK
r-release-macos-x86_64 0.1.4 NOTE
r-release-windows-ix86+x86_64 0.1.4 7.00 40.00 47.00 OK
r-oldrel-macos-x86_64 0.1.4 NOTE
r-oldrel-windows-ix86+x86_64 0.1.4 6.00 50.00 56.00 OK

Check Details

Version: 0.1.4
Check: dependencies in R code
Result: NOTE
    Namespace in Imports field not imported from: ‘parallel’
     All declared Imports should be used.
Flavors: r-devel-linux-x86_64-fedora-clang, r-devel-linux-x86_64-fedora-gcc, r-patched-solaris-x86, r-release-macos-x86_64, r-oldrel-macos-x86_64