Last updated on 2020-12-04 00:48:29 CET.
Flavor | Version | Tinstall | Tcheck | Ttotal | Status | Flags |
---|---|---|---|---|---|---|
r-devel-linux-x86_64-debian-clang | 0.5.2 | 15.90 | 107.80 | 123.70 | OK | |
r-devel-linux-x86_64-debian-gcc | 0.5.2 | 10.94 | 79.83 | 90.77 | OK | |
r-devel-linux-x86_64-fedora-clang | 0.5.2 | 145.91 | NOTE | |||
r-devel-linux-x86_64-fedora-gcc | 0.5.2 | 138.30 | NOTE | |||
r-devel-windows-ix86+x86_64 | 0.5.2 | 29.00 | 93.00 | 122.00 | OK | |
r-patched-linux-x86_64 | 0.5.2 | 12.78 | 96.63 | 109.41 | OK | |
r-patched-solaris-x86 | 0.5.2 | 188.00 | NOTE | |||
r-release-linux-x86_64 | 0.5.2 | 13.45 | 101.69 | 115.14 | OK | |
r-release-macos-x86_64 | 0.5.2 | NOTE | ||||
r-release-windows-ix86+x86_64 | 0.5.2 | 23.00 | 94.00 | 117.00 | OK | |
r-oldrel-macos-x86_64 | 0.5.2 | NOTE | ||||
r-oldrel-windows-ix86+x86_64 | 0.5.2 | 28.00 | 115.00 | 143.00 | OK |
Version: 0.5.2
Check: dependencies in R code
Result: NOTE
Namespace in Imports field not imported from: ‘methods’
All declared Imports should be used.
Flavors: r-devel-linux-x86_64-fedora-clang, r-devel-linux-x86_64-fedora-gcc, r-patched-solaris-x86, r-release-macos-x86_64, r-oldrel-macos-x86_64