CRAN Package Check Results for Package pals

Last updated on 2020-12-04 00:48:29 CET.

Flavor Version Tinstall Tcheck Ttotal Status Flags
r-devel-linux-x86_64-debian-clang 1.6 4.78 74.93 79.71 OK
r-devel-linux-x86_64-debian-gcc 1.6 3.87 61.15 65.02 OK
r-devel-linux-x86_64-fedora-clang 1.6 101.95 OK
r-devel-linux-x86_64-fedora-gcc 1.6 97.01 OK
r-devel-windows-ix86+x86_64 1.6 9.00 78.00 87.00 OK
r-patched-linux-x86_64 1.6 4.55 71.33 75.88 OK
r-patched-solaris-x86 1.6 157.80 OK
r-release-linux-x86_64 1.6 4.57 74.00 78.57 OK
r-release-macos-x86_64 1.6 OK
r-release-windows-ix86+x86_64 1.6 9.00 79.00 88.00 OK
r-oldrel-macos-x86_64 1.6 NOTE
r-oldrel-windows-ix86+x86_64 1.6 6.00 98.00 104.00 OK

Check Details

Version: 1.6
Check: dependencies in R code
Result: NOTE
    No protocol specified
Flavor: r-oldrel-macos-x86_64