Last updated on 2020-12-04 00:48:29 CET.
Flavor | Version | Tinstall | Tcheck | Ttotal | Status | Flags |
---|---|---|---|---|---|---|
r-devel-linux-x86_64-debian-clang | 0.0.7 | 8.08 | 66.15 | 74.23 | NOTE | |
r-devel-linux-x86_64-debian-gcc | 0.0.7 | 6.02 | 53.03 | 59.05 | NOTE | |
r-devel-linux-x86_64-fedora-clang | 0.0.7 | 92.39 | NOTE | |||
r-devel-linux-x86_64-fedora-gcc | 0.0.7 | 86.80 | NOTE | |||
r-devel-windows-ix86+x86_64 | 0.0.7 | 14.00 | 60.00 | 74.00 | NOTE | |
r-patched-linux-x86_64 | 0.0.7 | 8.51 | 62.00 | 70.51 | NOTE | |
r-patched-solaris-x86 | 0.0.7 | 114.90 | NOTE | |||
r-release-linux-x86_64 | 0.0.7 | 6.19 | 60.43 | 66.62 | NOTE | |
r-release-macos-x86_64 | 0.0.7 | NOTE | ||||
r-release-windows-ix86+x86_64 | 0.0.7 | 12.00 | 59.00 | 71.00 | NOTE | |
r-oldrel-macos-x86_64 | 0.0.7 | NOTE | ||||
r-oldrel-windows-ix86+x86_64 | 0.0.7 | 11.00 | 75.00 | 86.00 | OK |
Version: 0.0.7
Check: package dependencies
Result: NOTE
Package which this enhances but not available for checking: 'CorShrink'
Flavors: r-devel-linux-x86_64-debian-clang, r-devel-linux-x86_64-debian-gcc, r-devel-linux-x86_64-fedora-clang, r-devel-linux-x86_64-fedora-gcc, r-devel-windows-ix86+x86_64, r-patched-linux-x86_64, r-patched-solaris-x86, r-release-linux-x86_64, r-release-macos-x86_64, r-release-windows-ix86+x86_64, r-oldrel-macos-x86_64