CRAN Package Check Results for Package padr

Last updated on 2020-12-04 00:48:29 CET.

Flavor Version Tinstall Tcheck Ttotal Status Flags
r-devel-linux-x86_64-debian-clang 0.5.3 47.46 71.91 119.37 OK
r-devel-linux-x86_64-debian-gcc 0.5.3 25.06 54.12 79.18 OK
r-devel-linux-x86_64-fedora-clang 0.5.3 154.10 OK
r-devel-linux-x86_64-fedora-gcc 0.5.3 132.33 OK
r-devel-windows-ix86+x86_64 0.5.3 100.00 103.00 203.00 NOTE
r-patched-linux-x86_64 0.5.3 31.81 70.54 102.35 OK
r-patched-solaris-x86 0.5.3 158.90 OK
r-release-linux-x86_64 0.5.3 32.54 71.32 103.86 OK
r-release-macos-x86_64 0.5.3 OK
r-release-windows-ix86+x86_64 0.5.3 79.00 105.00 184.00 NOTE
r-oldrel-macos-x86_64 0.5.3 OK
r-oldrel-windows-ix86+x86_64 0.5.3 73.00 133.00 206.00 OK

Check Details

Version: 0.5.3
Check: installed package size
Result: NOTE
     installed size is 5.2Mb
     sub-directories of 1Mb or more:
     data 1.7Mb
     doc 1.3Mb
     libs 2.0Mb
Flavors: r-devel-windows-ix86+x86_64, r-release-windows-ix86+x86_64