CRAN Package Check Results for Package pacotest

Last updated on 2020-12-04 00:48:29 CET.

Flavor Version Tinstall Tcheck Ttotal Status Flags
r-devel-linux-x86_64-debian-clang 0.3.1 137.07 274.06 411.13 OK
r-devel-linux-x86_64-debian-gcc 0.3.1 94.18 177.09 271.27 OK
r-devel-linux-x86_64-fedora-clang 0.3.1 524.75 NOTE
r-devel-linux-x86_64-fedora-gcc 0.3.1 495.48 OK
r-devel-windows-ix86+x86_64 0.3.1 309.00 577.00 886.00 OK
r-patched-linux-x86_64 0.3.1 112.42 257.34 369.76 OK
r-patched-solaris-x86 0.3.1 592.40 OK
r-release-linux-x86_64 0.3.1 104.48 262.09 366.57 OK
r-release-macos-x86_64 0.3.1 NOTE
r-release-windows-ix86+x86_64 0.3.1 236.00 557.00 793.00 OK
r-oldrel-macos-x86_64 0.3.1 NOTE
r-oldrel-windows-ix86+x86_64 0.3.1 269.00 671.00 940.00 OK

Check Details

Version: 0.3.1
Check: installed package size
Result: NOTE
     installed size is 7.0Mb
     sub-directories of 1Mb or more:
     libs 6.7Mb
Flavors: r-devel-linux-x86_64-fedora-clang, r-release-macos-x86_64, r-oldrel-macos-x86_64