Last updated on 2020-12-04 00:48:29 CET.
Flavor | Version | Tinstall | Tcheck | Ttotal | Status | Flags |
---|---|---|---|---|---|---|
r-devel-linux-x86_64-debian-clang | 0.5.1 | 4.05 | 36.41 | 40.46 | OK | |
r-devel-linux-x86_64-debian-gcc | 0.5.1 | 3.50 | 29.58 | 33.08 | OK | |
r-devel-linux-x86_64-fedora-clang | 0.5.1 | 53.42 | NOTE | |||
r-devel-linux-x86_64-fedora-gcc | 0.5.1 | 45.09 | OK | |||
r-devel-windows-ix86+x86_64 | 0.5.1 | 6.00 | 44.00 | 50.00 | OK | |
r-patched-linux-x86_64 | 0.5.1 | 3.73 | 38.20 | 41.93 | OK | |
r-patched-solaris-x86 | 0.5.1 | 67.20 | OK | |||
r-release-linux-x86_64 | 0.5.1 | 3.34 | 41.02 | 44.36 | OK | |
r-release-macos-x86_64 | 0.5.1 | OK | ||||
r-release-windows-ix86+x86_64 | 0.5.1 | 7.00 | 41.00 | 48.00 | OK | |
r-oldrel-macos-x86_64 | 0.5.1 | OK | ||||
r-oldrel-windows-ix86+x86_64 | 0.5.1 | 6.00 | 54.00 | 60.00 | OK |
Version: 0.5.1
Check: Rd cross-references
Result: NOTE
Undeclared package ‘devtools’ in Rd xrefs
Flavor: r-devel-linux-x86_64-fedora-clang