CRAN Package Check Results for Package packager

Last updated on 2020-12-04 00:48:29 CET.

Flavor Version Tinstall Tcheck Ttotal Status Flags
r-devel-linux-x86_64-debian-clang 1.7.0 5.73 146.40 152.13 OK
r-devel-linux-x86_64-debian-gcc 1.8.0 4.48 118.54 123.02 OK
r-devel-linux-x86_64-fedora-clang 1.8.0 193.24 OK
r-devel-linux-x86_64-fedora-gcc 1.8.0 212.10 OK
r-devel-windows-ix86+x86_64 1.7.0 10.00 170.00 180.00 OK
r-patched-linux-x86_64 1.8.0 5.43 147.20 152.63 OK
r-patched-solaris-x86 1.8.0 230.10 WARN
r-release-linux-x86_64 1.8.0 5.54 152.50 158.04 OK
r-release-macos-x86_64 1.7.0 OK
r-release-windows-ix86+x86_64 1.7.0 9.00 168.00 177.00 OK
r-oldrel-macos-x86_64 1.8.0 OK
r-oldrel-windows-ix86+x86_64 1.8.0 8.00 204.00 212.00 OK

Check Details

Version: 1.8.0
Check: dependencies in R code
Result: NOTE
    sh: whoami: not found
    sh: git: not found
    sh: git: not found
Flavor: r-patched-solaris-x86

Version: 1.8.0
Check: S3 generic/method consistency
Result: WARN
    sh: whoami: not found
    sh: git: not found
    sh: git: not found
    See section ‘Generic functions and methods’ in the ‘Writing R
    Extensions’ manual.
Flavor: r-patched-solaris-x86

Version: 1.8.0
Check: replacement functions
Result: WARN
    sh: whoami: not found
    sh: git: not found
    sh: git: not found
    The argument of a replacement function which corresponds to the right
    hand side must be named ‘value’.
Flavor: r-patched-solaris-x86

Version: 1.8.0
Check: foreign function calls
Result: NOTE
    sh: whoami: not found
    sh: git: not found
    sh: git: not found
    See chapter ‘System and foreign language interfaces’ in the ‘Writing R
    Extensions’ manual.
Flavor: r-patched-solaris-x86

Version: 1.8.0
Check: R code for possible problems
Result: NOTE
    sh: whoami: not found
    sh: git: not found
    sh: git: not found
    sh: whoami: not found
    sh: git: not found
    sh: git: not found
Flavor: r-patched-solaris-x86

Version: 1.8.0
Check: for missing documentation entries
Result: WARN
    sh: whoami: not found
    sh: git: not found
    sh: git: not found
    All user-level objects in a package should have documentation entries.
    See chapter ‘Writing R documentation files’ in the ‘Writing R
    Extensions’ manual.
Flavor: r-patched-solaris-x86

Version: 1.8.0
Check: for code/documentation mismatches
Result: WARN
    sh: whoami: not found
    sh: git: not found
    sh: git: not found
    sh: whoami: not found
    sh: git: not found
    sh: git: not found
    sh: whoami: not found
    sh: git: not found
    sh: git: not found
Flavor: r-patched-solaris-x86

Version: 1.8.0
Check: Rd \usage sections
Result: NOTE
    sh: whoami: not found
    sh: git: not found
    sh: git: not found
    The \usage entries for S3 methods should use the \method markup and not
    their full name.
    See chapter ‘Writing R documentation files’ in the ‘Writing R
    Extensions’ manual.
Flavor: r-patched-solaris-x86