CRAN Package Check Results for Package pGMGM

Last updated on 2020-12-04 00:48:29 CET.

Flavor Version Tinstall Tcheck Ttotal Status Flags
r-devel-linux-x86_64-debian-clang 1.0 6.17 46.77 52.94 OK
r-devel-linux-x86_64-debian-gcc 1.0 4.74 36.80 41.54 OK
r-devel-linux-x86_64-fedora-clang 1.0 68.77 NOTE
r-devel-linux-x86_64-fedora-gcc 1.0 57.32 NOTE
r-devel-windows-ix86+x86_64 1.0 17.00 77.00 94.00 OK
r-patched-linux-x86_64 1.0 6.48 43.20 49.68 OK
r-patched-solaris-x86 1.0 93.40 OK
r-release-linux-x86_64 1.0 5.59 44.14 49.73 OK
r-release-macos-x86_64 1.0 OK
r-release-windows-ix86+x86_64 1.0 13.00 97.00 110.00 OK
r-oldrel-macos-x86_64 1.0 OK
r-oldrel-windows-ix86+x86_64 1.0 14.00 87.00 101.00 OK

Check Details

Version: 1.0
Check: compiled code
Result: NOTE
    File ‘pGMGM/libs/pGMGM.so’:
     Found no calls to: ‘R_registerRoutines’, ‘R_useDynamicSymbols’
    
    It is good practice to register native routines and to disable symbol
    search.
    
    See ‘Writing portable packages’ in the ‘Writing R Extensions’ manual.
Flavors: r-devel-linux-x86_64-fedora-clang, r-devel-linux-x86_64-fedora-gcc