Last updated on 2020-12-04 00:48:29 CET.
Flavor | Version | Tinstall | Tcheck | Ttotal | Status | Flags |
---|---|---|---|---|---|---|
r-devel-linux-x86_64-debian-clang | 0.9.3 | 11.22 | 183.71 | 194.93 | OK | |
r-devel-linux-x86_64-debian-gcc | 0.9.3 | 9.00 | 124.80 | 133.80 | OK | |
r-devel-linux-x86_64-fedora-clang | 0.9.3 | 219.55 | NOTE | |||
r-devel-linux-x86_64-fedora-gcc | 0.9.3 | 212.71 | NOTE | |||
r-devel-windows-ix86+x86_64 | 0.9.3 | 21.00 | 149.00 | 170.00 | OK | |
r-patched-linux-x86_64 | 0.9.3 | 8.21 | 165.90 | 174.11 | OK | |
r-patched-solaris-x86 | 0.9.3 | 296.20 | NOTE | |||
r-release-linux-x86_64 | 0.9.3 | 7.85 | 167.19 | 175.04 | OK | |
r-release-macos-x86_64 | 0.9.3 | NOTE | ||||
r-release-windows-ix86+x86_64 | 0.9.3 | 18.00 | 141.00 | 159.00 | OK | |
r-oldrel-macos-x86_64 | 0.9.3 | NOTE | ||||
r-oldrel-windows-ix86+x86_64 | 0.9.3 | 16.00 | 212.00 | 228.00 | OK |
Version: 0.9.3
Check: dependencies in R code
Result: NOTE
Namespace in Imports field not imported from: ‘base’
All declared Imports should be used.
Flavors: r-devel-linux-x86_64-fedora-clang, r-devel-linux-x86_64-fedora-gcc, r-patched-solaris-x86, r-release-macos-x86_64, r-oldrel-macos-x86_64