CRAN Package Check Results for Package oxcAAR

Last updated on 2020-12-04 00:48:29 CET.

Flavor Version Tinstall Tcheck Ttotal Status Flags
r-devel-linux-x86_64-debian-clang 1.0.0 3.80 47.56 51.36 OK
r-devel-linux-x86_64-debian-gcc 1.0.0 2.62 38.95 41.57 OK
r-devel-linux-x86_64-fedora-clang 1.0.0 82.00 OK
r-devel-linux-x86_64-fedora-gcc 1.0.0 82.44 OK
r-devel-windows-ix86+x86_64 1.0.0 6.00 72.00 78.00 OK
r-patched-linux-x86_64 1.0.0 3.48 61.60 65.08 OK
r-patched-solaris-x86 1.0.0 68.90 ERROR
r-release-linux-x86_64 1.0.0 3.71 61.40 65.11 OK
r-release-macos-x86_64 1.0.0 OK
r-release-windows-ix86+x86_64 1.0.0 7.00 52.00 59.00 OK
r-oldrel-macos-x86_64 1.0.0 OK
r-oldrel-windows-ix86+x86_64 1.0.0 4.00 85.00 89.00 OK

Check Details

Version: 1.0.0
Check: tests
Result: ERROR
     Running ‘testthat.R’
    Running the tests in ‘tests/testthat.R’ failed.
    Complete output:
     > library(testthat)
     > library(oxcAAR)
     >
     > test_check("oxcAAR")
     sh: /home/ripley/R/packages/tests32/oxcAAR.Rcheck/tests/testthat/ox_output.js: cannot execute
     ── FAILURE (test_utility_functions.R:30:3): quickSetupOxcal downloads oxcal and
     `quickSetupOxcal()` threw an error.
     Message: argument is of length zero
     Class: simpleError/error/condition
     Backtrace:
     █
     1. ├─testthat::expect_error(quickSetupOxcal(), NA) test_utility_functions.R:30:2
     2. │ └─testthat:::quasi_capture(...)
     3. │ ├─testthat:::.capture(...)
     4. │ │ └─base::withCallingHandlers(...)
     5. │ └─rlang::eval_bare(quo_get_expr(.quo), quo_get_env(.quo))
     6. └─oxcAAR::quickSetupOxcal()
    
     ── FAILURE (test_utility_functions.R:31:3): quickSetupOxcal downloads oxcal and
     dir.exists("OxCal/bin/") is not TRUE
    
     `actual`: FALSE
     `expected`: TRUE
    
     ── FAILURE (test_utility_functions.R:32:3): quickSetupOxcal downloads oxcal and
     `%in%`(...) is not TRUE
    
     `actual`: FALSE
     `expected`: TRUE
    
     ══ testthat results ═══════════════════════════════════════════════════════════
     FAILURE (test_utility_functions.R:30:3): quickSetupOxcal downloads oxcal and sets correct path
     FAILURE (test_utility_functions.R:31:3): quickSetupOxcal downloads oxcal and sets correct path
     FAILURE (test_utility_functions.R:32:3): quickSetupOxcal downloads oxcal and sets correct path
    
     [ FAIL 3 | WARN 0 | SKIP 0 | PASS 94 ]
     Error: Test failures
     Execution halted
Flavor: r-patched-solaris-x86

Version: 1.0.0
Check: re-building of vignette outputs
Result: WARN
    Error(s) in re-building vignettes:
     ...
    --- re-building ‘basic-usage.Rmd’ using rmarkdown
    Warning in engine$weave(file, quiet = quiet, encoding = enc) :
     The vignette engine knitr::rmarkdown is not available because the rmarkdown package is not available. Did you forget to add it to Suggests in DESCRIPTION? Please see https://github.com/yihui/knitr/issues/1864 for more information.
    Quitting from lines 24-30 (basic-usage.Rmd)
    Error: processing vignette 'basic-usage.Rmd' failed with diagnostics:
    argument is of length zero
    --- failed re-building ‘basic-usage.Rmd’
    
    SUMMARY: processing the following file failed:
     ‘basic-usage.Rmd’
    
    Error: Vignette re-building failed.
    Execution halted
Flavor: r-patched-solaris-x86