CRAN Package Check Results for Package otinference

Last updated on 2020-12-04 00:48:29 CET.

Flavor Version Tinstall Tcheck Ttotal Status Flags
r-devel-linux-x86_64-debian-clang 0.1.0 2.49 21.18 23.67 OK
r-devel-linux-x86_64-debian-gcc 0.1.0 2.01 19.64 21.65 OK
r-devel-linux-x86_64-fedora-clang 0.1.0 36.06 NOTE
r-devel-linux-x86_64-fedora-gcc 0.1.0 25.29 NOTE
r-devel-windows-ix86+x86_64 0.1.0 5.00 29.00 34.00 NOTE
r-patched-linux-x86_64 0.1.0 2.96 21.08 24.04 OK
r-patched-solaris-x86 0.1.0 39.50 NOTE
r-release-linux-x86_64 0.1.0 2.36 21.59 23.95 OK
r-release-macos-x86_64 0.1.0 NOTE
r-release-windows-ix86+x86_64 0.1.0 3.00 34.00 37.00 NOTE
r-oldrel-macos-x86_64 0.1.0 NOTE
r-oldrel-windows-ix86+x86_64 0.1.0 3.00 32.00 35.00 NOTE

Check Details

Version: 0.1.0
Check: package dependencies
Result: NOTE
    Package suggested but not available for checking: ‘Rcplex’
Flavors: r-devel-linux-x86_64-fedora-clang, r-devel-linux-x86_64-fedora-gcc, r-devel-windows-ix86+x86_64, r-patched-solaris-x86, r-release-macos-x86_64, r-release-windows-ix86+x86_64, r-oldrel-macos-x86_64, r-oldrel-windows-ix86+x86_64