Last updated on 2020-12-04 00:48:29 CET.
Flavor | Version | Tinstall | Tcheck | Ttotal | Status | Flags |
---|---|---|---|---|---|---|
r-devel-linux-x86_64-debian-clang | 0.3.2 | 16.22 | 252.04 | 268.26 | OK | |
r-devel-linux-x86_64-debian-gcc | 0.3.2 | 15.05 | 186.81 | 201.86 | OK | |
r-devel-linux-x86_64-fedora-clang | 0.3.2 | 318.74 | NOTE | |||
r-devel-linux-x86_64-fedora-gcc | 0.3.2 | 317.47 | OK | |||
r-devel-windows-ix86+x86_64 | 0.3.2 | 36.00 | 231.00 | 267.00 | NOTE | |
r-patched-linux-x86_64 | 0.3.2 | 13.91 | 242.76 | 256.67 | OK | |
r-patched-solaris-x86 | 0.3.2 | 438.00 | NOTE | |||
r-release-linux-x86_64 | 0.3.2 | 15.66 | 241.32 | 256.98 | OK | |
r-release-macos-x86_64 | 0.3.2 | NOTE | ||||
r-release-windows-ix86+x86_64 | 0.3.2 | 29.00 | 221.00 | 250.00 | NOTE | |
r-oldrel-macos-x86_64 | 0.3.2 | NOTE | ||||
r-oldrel-windows-ix86+x86_64 | 0.3.2 | 36.00 | 287.00 | 323.00 | NOTE |
Version: 0.3.2
Check: installed package size
Result: NOTE
installed size is 8.1Mb
sub-directories of 1Mb or more:
doc 7.2Mb
Flavors: r-devel-linux-x86_64-fedora-clang, r-devel-windows-ix86+x86_64, r-patched-solaris-x86, r-release-macos-x86_64, r-release-windows-ix86+x86_64, r-oldrel-macos-x86_64, r-oldrel-windows-ix86+x86_64