CRAN Package Check Results for Package orloca

Last updated on 2020-12-04 00:48:29 CET.

Flavor Version Tinstall Tcheck Ttotal Status Flags
r-devel-linux-x86_64-debian-clang 4.10 4.11 41.58 45.69 OK
r-devel-linux-x86_64-debian-gcc 4.10 4.39 33.63 38.02 OK
r-devel-linux-x86_64-fedora-clang 4.10 60.88 NOTE
r-devel-linux-x86_64-fedora-gcc 4.10 52.33 NOTE
r-devel-windows-ix86+x86_64 4.10 9.00 46.00 55.00 OK
r-patched-linux-x86_64 4.10 4.21 41.58 45.79 OK
r-patched-solaris-x86 4.10 75.00 NOTE
r-release-linux-x86_64 4.10 4.08 40.92 45.00 OK
r-release-macos-x86_64 4.10 NOTE
r-release-windows-ix86+x86_64 4.10 8.00 56.00 64.00 OK
r-oldrel-macos-x86_64 4.10 NOTE
r-oldrel-windows-ix86+x86_64 4.10 6.00 53.00 59.00 OK

Check Details

Version: 4.10
Check: dependencies in R code
Result: NOTE
    Namespaces in Imports field not imported from:
     ‘knitr’ ‘rmarkdown’
     All declared Imports should be used.
Flavors: r-devel-linux-x86_64-fedora-clang, r-devel-linux-x86_64-fedora-gcc, r-patched-solaris-x86, r-release-macos-x86_64, r-oldrel-macos-x86_64

Version: 4.10
Check: Rd cross-references
Result: NOTE
    Undeclared package ‘orloca.es’ in Rd xrefs
Flavor: r-devel-linux-x86_64-fedora-clang