CRAN Package Check Results for Package origami

Last updated on 2020-12-04 00:48:29 CET.

Flavor Version Tinstall Tcheck Ttotal Status Flags
r-devel-linux-x86_64-debian-clang 1.0.3 3.80 79.73 83.53 OK
r-devel-linux-x86_64-debian-gcc 1.0.3 3.11 58.51 61.62 OK
r-devel-linux-x86_64-fedora-clang 1.0.3 104.59 NOTE
r-devel-linux-x86_64-fedora-gcc 1.0.3 96.47 OK
r-devel-windows-ix86+x86_64 1.0.3 8.00 80.00 88.00 OK
r-patched-linux-x86_64 1.0.3 4.06 78.02 82.08 OK
r-patched-solaris-x86 1.0.3 136.20 OK
r-release-linux-x86_64 1.0.3 3.35 80.47 83.82 OK
r-release-macos-x86_64 1.0.3 OK
r-release-windows-ix86+x86_64 1.0.3 6.00 73.00 79.00 OK
r-oldrel-macos-x86_64 1.0.3 OK
r-oldrel-windows-ix86+x86_64 1.0.3 5.00 97.00 102.00 OK

Check Details

Version: 1.0.3
Check: Rd cross-references
Result: NOTE
    Undeclared package ‘glmnet’ in Rd xrefs
Flavor: r-devel-linux-x86_64-fedora-clang