Last updated on 2020-12-04 00:48:29 CET.
Flavor | Version | Tinstall | Tcheck | Ttotal | Status | Flags |
---|---|---|---|---|---|---|
r-devel-linux-x86_64-debian-clang | 2.4-1 | 94.57 | 44.73 | 139.30 | OK | |
r-devel-linux-x86_64-debian-gcc | 2.4-1 | 58.47 | 37.03 | 95.50 | OK | |
r-devel-linux-x86_64-fedora-clang | 2.4-1 | 205.68 | NOTE | |||
r-devel-linux-x86_64-fedora-gcc | 2.4-1 | 162.19 | OK | |||
r-devel-windows-ix86+x86_64 | 2.4-1 | 205.00 | 68.00 | 273.00 | OK | |
r-patched-linux-x86_64 | 2.4-1 | 72.80 | 43.02 | 115.82 | OK | |
r-patched-solaris-x86 | 2.4-1 | 249.60 | OK | |||
r-release-linux-x86_64 | 2.4-1 | 72.91 | 42.63 | 115.54 | OK | |
r-release-macos-x86_64 | 2.4-1 | NOTE | ||||
r-release-windows-ix86+x86_64 | 2.4-1 | 158.00 | 97.00 | 255.00 | OK | |
r-oldrel-macos-x86_64 | 2.4-1 | NOTE | ||||
r-oldrel-windows-ix86+x86_64 | 2.4-1 | 168.00 | 84.00 | 252.00 | OK |
Version: 2.4-1
Check: installed package size
Result: NOTE
installed size is 6.5Mb
sub-directories of 1Mb or more:
libs 6.3Mb
Flavors: r-devel-linux-x86_64-fedora-clang, r-release-macos-x86_64, r-oldrel-macos-x86_64