CRAN Package Check Results for Package ordPens

Last updated on 2020-12-04 00:48:29 CET.

Flavor Version Tinstall Tcheck Ttotal Status Flags
r-devel-linux-x86_64-debian-clang 0.3-1 12.29 91.61 103.90 NOTE
r-devel-linux-x86_64-debian-gcc 0.3-1 9.71 69.71 79.42 NOTE
r-devel-linux-x86_64-fedora-clang 0.3-1 130.81 NOTE
r-devel-linux-x86_64-fedora-gcc 0.3-1 119.84 NOTE
r-devel-windows-ix86+x86_64 0.3-1 22.00 86.00 108.00 NOTE
r-patched-linux-x86_64 0.3-1 11.12 88.12 99.24 NOTE
r-patched-solaris-x86 0.3-1 175.90 NOTE
r-release-linux-x86_64 0.3-1 11.58 86.50 98.08 NOTE
r-release-macos-x86_64 0.3-1 NOTE
r-release-windows-ix86+x86_64 0.3-1 16.00 109.00 125.00 NOTE
r-oldrel-macos-x86_64 0.3-1 FAIL
r-oldrel-windows-ix86+x86_64 0.3-1 16.00 104.00 120.00 NOTE

Check Details

Version: 0.3-1
Check: R code for possible problems
Result: NOTE
    genRidge: no visible global function definition for 'plogis'
    ordGene: no visible global function definition for 'anova'
    ordGene: no visible global function definition for 'lm'
    ordSelect: no visible binding for global variable 'sd'
    ordSmooth: no visible binding for global variable 'sd'
    plot.ordPen: no visible global function definition for 'grey'
    plot.ordPen: no visible global function definition for 'devAskNewPage'
    plot.ordPen: no visible global function definition for 'lines'
    predict.ordPen: no visible global function definition for 'plogis'
    Undefined global functions or variables:
     anova devAskNewPage grey lines lm plogis sd
    Consider adding
     importFrom("grDevices", "devAskNewPage", "grey")
     importFrom("graphics", "lines")
     importFrom("stats", "anova", "lm", "plogis", "sd")
    to your NAMESPACE file.
Flavors: r-devel-linux-x86_64-debian-clang, r-devel-linux-x86_64-debian-gcc, r-devel-linux-x86_64-fedora-clang, r-devel-linux-x86_64-fedora-gcc, r-devel-windows-ix86+x86_64, r-patched-linux-x86_64, r-patched-solaris-x86, r-release-linux-x86_64, r-release-macos-x86_64, r-release-windows-ix86+x86_64

Version: 0.3-1
Check: package dependencies
Result: NOTE
    Package suggested but not available for checking: ‘IsoGene’
Flavor: r-release-macos-x86_64

Version: 0.3-1
Check: package dependencies
Result: NOTE
    Packages suggested but not available for checking: 'IsoGene', 'Biobase'
Flavor: r-oldrel-macos-x86_64

Version: 0.3-1
Check: whether package can be installed
Result: FAIL
Flavor: r-oldrel-macos-x86_64

Version: 0.3-1
Check: R code for possible problems
Result: NOTE
    genRidge: no visible global function definition for 'plogis'
    ordGene: no visible global function definition for 'anova'
    ordGene: no visible global function definition for 'lm'
    ordSelect: no visible binding for global variable 'sd'
    ordSmooth: no visible binding for global variable 'sd'
    plot.ordPen: no visible global function definition for 'grey'
    plot.ordPen: no visible global function definition for 'devAskNewPage'
    plot.ordPen: no visible global function definition for 'plot'
    plot.ordPen: no visible global function definition for 'lines'
    predict.ordPen: no visible global function definition for 'plogis'
    Undefined global functions or variables:
     anova devAskNewPage grey lines lm plogis plot sd
    Consider adding
     importFrom("grDevices", "devAskNewPage", "grey")
     importFrom("graphics", "lines", "plot")
     importFrom("stats", "anova", "lm", "plogis", "sd")
    to your NAMESPACE file.
Flavor: r-oldrel-windows-ix86+x86_64