Last updated on 2020-12-04 00:48:29 CET.
Flavor | Version | Tinstall | Tcheck | Ttotal | Status | Flags |
---|---|---|---|---|---|---|
r-devel-linux-x86_64-debian-clang | 1.0.0 | 12.07 | 76.66 | 88.73 | NOTE | |
r-devel-linux-x86_64-debian-gcc | 1.0.0 | 9.39 | 60.14 | 69.53 | NOTE | |
r-devel-linux-x86_64-fedora-clang | 1.0.0 | 113.61 | NOTE | |||
r-devel-linux-x86_64-fedora-gcc | 1.0.0 | 103.60 | NOTE | |||
r-devel-windows-ix86+x86_64 | 1.0.0 | 23.00 | 62.00 | 85.00 | OK | |
r-patched-linux-x86_64 | 1.0.0 | 11.40 | 71.46 | 82.86 | NOTE | |
r-patched-solaris-x86 | 1.0.0 | 149.80 | NOTE | |||
r-release-linux-x86_64 | 1.0.0 | 11.71 | 73.22 | 84.93 | NOTE | |
r-release-macos-x86_64 | 1.0.0 | OK | ||||
r-release-windows-ix86+x86_64 | 1.0.0 | 16.00 | 86.00 | 102.00 | OK | |
r-oldrel-macos-x86_64 | 1.0.0 | FAIL | ||||
r-oldrel-windows-ix86+x86_64 | 1.0.0 | 15.00 | 85.00 | 100.00 | OK |
Version: 1.0.0
Check: for non-standard things in the check directory
Result: NOTE
Found the following files/directories:
'Graph_layout_Doptrcd_trtE'
Flavors: r-devel-linux-x86_64-debian-clang, r-devel-linux-x86_64-debian-gcc, r-devel-linux-x86_64-fedora-clang, r-devel-linux-x86_64-fedora-gcc, r-patched-linux-x86_64, r-patched-solaris-x86, r-release-linux-x86_64
Version: 1.0.0
Check: whether package can be installed
Result: FAIL
Flavor: r-oldrel-macos-x86_64