CRAN Package Check Results for Package optpart

Last updated on 2020-12-04 00:48:29 CET.

Flavor Version Tinstall Tcheck Ttotal Status Flags
r-devel-linux-x86_64-debian-clang 3.0-3 13.24 96.78 110.02 OK
r-devel-linux-x86_64-debian-gcc 3.0-3 10.54 76.52 87.06 OK
r-devel-linux-x86_64-fedora-clang 3.0-3 136.03 NOTE
r-devel-linux-x86_64-fedora-gcc 3.0-3 126.58 NOTE
r-devel-windows-ix86+x86_64 3.0-3 33.00 129.00 162.00 OK
r-patched-linux-x86_64 3.0-3 11.95 90.47 102.42 OK
r-patched-solaris-x86 3.0-3 190.00 OK
r-release-linux-x86_64 3.0-3 11.82 92.42 104.24 OK
r-release-macos-x86_64 3.0-3 OK
r-release-windows-ix86+x86_64 3.0-3 25.00 171.00 196.00 OK
r-oldrel-macos-x86_64 3.0-3 OK
r-oldrel-windows-ix86+x86_64 3.0-3 30.00 159.00 189.00 OK

Check Details

Version: 3.0-3
Check: Rd cross-references
Result: NOTE
    Undeclared package ‘vegan’ in Rd xrefs
Flavor: r-devel-linux-x86_64-fedora-clang

Version: 3.0-3
Check: compiled code
Result: NOTE
    File ‘optpart/libs/optpart.so’:
     Found no calls to: ‘R_registerRoutines’, ‘R_useDynamicSymbols’
    
    It is good practice to register native routines and to disable symbol
    search.
    
    See ‘Writing portable packages’ in the ‘Writing R Extensions’ manual.
Flavors: r-devel-linux-x86_64-fedora-clang, r-devel-linux-x86_64-fedora-gcc