Last updated on 2020-12-04 00:48:28 CET.
Flavor | Version | Tinstall | Tcheck | Ttotal | Status | Flags |
---|---|---|---|---|---|---|
r-devel-linux-x86_64-debian-clang | 1.0.1 | 11.22 | 75.59 | 86.81 | NOTE | |
r-devel-linux-x86_64-debian-gcc | 1.0.1 | 9.31 | 60.63 | 69.94 | NOTE | |
r-devel-linux-x86_64-fedora-clang | 1.0.1 | 109.30 | NOTE | |||
r-devel-linux-x86_64-fedora-gcc | 1.0.1 | 100.73 | NOTE | |||
r-devel-windows-ix86+x86_64 | 1.0.1 | 21.00 | 70.00 | 91.00 | OK | |
r-patched-linux-x86_64 | 1.0.1 | 10.64 | 72.78 | 83.42 | NOTE | |
r-patched-solaris-x86 | 1.0.1 | 148.50 | NOTE | |||
r-release-linux-x86_64 | 1.0.1 | 10.44 | 73.16 | 83.60 | NOTE | |
r-release-macos-x86_64 | 1.0.1 | OK | ||||
r-release-windows-ix86+x86_64 | 1.0.1 | 15.00 | 90.00 | 105.00 | OK | |
r-oldrel-macos-x86_64 | 1.0.1 | FAIL | ||||
r-oldrel-windows-ix86+x86_64 | 1.0.1 | 15.00 | 91.00 | 106.00 | OK |
Version: 1.0.1
Check: for non-standard things in the check directory
Result: NOTE
Found the following files/directories:
'Graph_layout_Doptbd_trtE'
Flavors: r-devel-linux-x86_64-debian-clang, r-devel-linux-x86_64-debian-gcc, r-devel-linux-x86_64-fedora-clang, r-devel-linux-x86_64-fedora-gcc, r-patched-linux-x86_64, r-patched-solaris-x86, r-release-linux-x86_64
Version: 1.0.1
Check: whether package can be installed
Result: FAIL
Flavor: r-oldrel-macos-x86_64