Last updated on 2020-12-04 00:48:28 CET.
Flavor | Version | Tinstall | Tcheck | Ttotal | Status | Flags |
---|---|---|---|---|---|---|
r-devel-linux-x86_64-debian-clang | 4.2.3 | 124.55 | 113.11 | 237.66 | OK | |
r-devel-linux-x86_64-debian-gcc | 4.2.3 | 92.97 | 84.08 | 177.05 | OK | |
r-devel-linux-x86_64-fedora-clang | 4.2.3 | 323.39 | NOTE | |||
r-devel-linux-x86_64-fedora-gcc | 4.2.3 | 300.12 | OK | |||
r-devel-windows-ix86+x86_64 | 4.2.3 | 7.00 | 6.00 | 13.00 | ERROR | |
r-patched-linux-x86_64 | 4.2.3 | 115.65 | 109.57 | 225.22 | OK | |
r-patched-solaris-x86 | 4.2.3 | 307.70 | OK | |||
r-release-linux-x86_64 | 4.2.3 | 113.34 | 108.25 | 221.59 | OK | |
r-release-macos-x86_64 | 4.2.3 | NOTE | ||||
r-release-windows-ix86+x86_64 | 4.2.3 | 192.00 | 177.00 | 369.00 | OK | |
r-oldrel-macos-x86_64 | 4.2.3 | NOTE | ||||
r-oldrel-windows-ix86+x86_64 | 4.2.3 | 197.00 | 214.00 | 411.00 | OK |
Version: 4.2.3
Check: installed package size
Result: NOTE
installed size is 8.4Mb
sub-directories of 1Mb or more:
extdata 1.1Mb
libs 6.3Mb
Flavors: r-devel-linux-x86_64-fedora-clang, r-release-macos-x86_64, r-oldrel-macos-x86_64
Version: 4.2.3
Check: whether package can be installed
Result: ERROR
Installation failed.
Flavor: r-devel-windows-ix86+x86_64