Last updated on 2020-12-04 00:48:28 CET.
Flavor | Version | Tinstall | Tcheck | Ttotal | Status | Flags |
---|---|---|---|---|---|---|
r-devel-linux-x86_64-debian-clang | 0.1.4 | 3.39 | 25.78 | 29.17 | NOTE | |
r-devel-linux-x86_64-debian-gcc | 0.1.4 | 2.74 | 24.68 | 27.42 | NOTE | |
r-devel-linux-x86_64-fedora-clang | 0.1.4 | 41.17 | OK | |||
r-devel-linux-x86_64-fedora-gcc | 0.1.4 | 32.74 | OK | |||
r-devel-windows-ix86+x86_64 | 0.1.4 | 5.00 | 30.00 | 35.00 | NOTE | |
r-patched-linux-x86_64 | 0.1.4 | 3.25 | 26.06 | 29.31 | NOTE | |
r-patched-solaris-x86 | 0.1.4 | 50.60 | OK | |||
r-release-linux-x86_64 | 0.1.4 | 3.10 | 25.96 | 29.06 | NOTE | |
r-release-macos-x86_64 | 0.1.4 | OK | ||||
r-release-windows-ix86+x86_64 | 0.1.4 | 6.00 | 33.00 | 39.00 | NOTE | |
r-oldrel-macos-x86_64 | 0.1.4 | OK | ||||
r-oldrel-windows-ix86+x86_64 | 0.1.4 | 4.00 | 38.00 | 42.00 | OK |
Version: 0.1.4
Check: package vignettes
Result: NOTE
Package vignette with placeholder title 'Vignette Title':
'opencage.Rmd'
Flavors: r-devel-linux-x86_64-debian-clang, r-devel-linux-x86_64-debian-gcc, r-devel-windows-ix86+x86_64, r-patched-linux-x86_64, r-release-linux-x86_64, r-release-windows-ix86+x86_64