CRAN Package Check Results for Package openSTARS

Last updated on 2020-12-04 00:48:28 CET.

Flavor Version Tinstall Tcheck Ttotal Status Flags
r-devel-linux-x86_64-debian-clang 1.2.2 17.23 128.16 145.39 OK
r-devel-linux-x86_64-debian-gcc 1.2.2 13.74 99.56 113.30 OK
r-devel-linux-x86_64-fedora-clang 1.2.2 172.82 NOTE
r-devel-linux-x86_64-fedora-gcc 1.2.2 165.56 OK
r-devel-windows-ix86+x86_64 1.2.2 42.00 133.00 175.00 NOTE
r-patched-linux-x86_64 1.2.2 15.55 116.16 131.71 OK
r-patched-solaris-x86 1.2.2 251.80 NOTE
r-release-linux-x86_64 1.2.2 15.52 116.35 131.87 OK
r-release-macos-x86_64 1.2.2 NOTE
r-release-windows-ix86+x86_64 1.2.2 32.00 182.00 214.00 NOTE
r-oldrel-macos-x86_64 1.2.2 NOTE
r-oldrel-windows-ix86+x86_64 1.2.2 31.00 168.00 199.00 NOTE

Check Details

Version: 1.2.2
Check: installed package size
Result: NOTE
     installed size is 9.4Mb
     sub-directories of 1Mb or more:
     extdata 9.0Mb
Flavors: r-devel-linux-x86_64-fedora-clang, r-devel-windows-ix86+x86_64, r-patched-solaris-x86, r-release-macos-x86_64, r-release-windows-ix86+x86_64, r-oldrel-macos-x86_64, r-oldrel-windows-ix86+x86_64