CRAN Package Check Results for Package ontologyIndex

Last updated on 2020-12-04 00:48:28 CET.

Flavor Version Tinstall Tcheck Ttotal Status Flags
r-devel-linux-x86_64-debian-clang 2.5 3.05 39.20 42.25 OK
r-devel-linux-x86_64-debian-gcc 2.5 2.03 29.71 31.74 OK
r-devel-linux-x86_64-fedora-clang 2.5 54.92 OK
r-devel-linux-x86_64-fedora-gcc 2.5 46.01 OK
r-devel-windows-ix86+x86_64 2.5 8.00 41.00 49.00 OK
r-patched-linux-x86_64 2.5 2.83 37.81 40.64 OK
r-patched-solaris-x86 2.5 69.20 OK
r-release-linux-x86_64 2.5 2.39 38.15 40.54 OK
r-release-macos-x86_64 2.5 OK
r-release-windows-ix86+x86_64 2.5 5.00 55.00 60.00 OK
r-oldrel-macos-x86_64 2.5 NOTE
r-oldrel-windows-ix86+x86_64 2.5 4.00 53.00 57.00 OK

Check Details

Version: 2.5
Check: package dependencies
Result: NOTE
    Package suggested but not available for checking: ‘ontologyPlot’
Flavor: r-oldrel-macos-x86_64