CRAN Package Check Results for Package oncrawlR

Last updated on 2020-12-04 00:48:28 CET.

Flavor Version Tinstall Tcheck Ttotal Status Flags
r-devel-linux-x86_64-debian-clang 0.2.0 4.03 35.43 39.46 OK
r-devel-linux-x86_64-debian-gcc 0.2.0 4.17 28.59 32.76 OK
r-devel-linux-x86_64-fedora-clang 0.2.0 52.82 NOTE
r-devel-linux-x86_64-fedora-gcc 0.2.0 43.01 NOTE
r-devel-windows-ix86+x86_64 0.2.0 9.00 38.00 47.00 OK
r-patched-linux-x86_64 0.2.0 4.23 35.32 39.55 OK
r-patched-solaris-x86 0.2.0 65.30 NOTE
r-release-linux-x86_64 0.2.0 4.19 35.73 39.92 OK
r-release-macos-x86_64 0.2.0 NOTE
r-release-windows-ix86+x86_64 0.2.0 7.00 36.00 43.00 OK
r-oldrel-macos-x86_64 0.2.0 NOTE
r-oldrel-windows-ix86+x86_64 0.2.0 12.00 51.00 63.00 OK

Check Details

Version: 0.2.0
Check: package dependencies
Result: NOTE
    Imports includes 21 non-default packages.
    Importing from so many packages makes the package vulnerable to any of
    them becoming unavailable. Move as many as possible to Suggests and
    use conditionally.
Flavor: r-devel-linux-x86_64-fedora-clang

Version: 0.2.0
Check: dependencies in R code
Result: NOTE
    Namespaces in Imports field not imported from:
     ‘e1071’ ‘fs’ ‘pdp’
     All declared Imports should be used.
Flavors: r-devel-linux-x86_64-fedora-clang, r-devel-linux-x86_64-fedora-gcc, r-patched-solaris-x86, r-release-macos-x86_64, r-oldrel-macos-x86_64