Last updated on 2020-12-04 00:48:28 CET.
Flavor | Version | Tinstall | Tcheck | Ttotal | Status | Flags |
---|---|---|---|---|---|---|
r-devel-linux-x86_64-debian-clang | 0.3.15 | 18.07 | 96.36 | 114.43 | OK | |
r-devel-linux-x86_64-debian-gcc | 0.3.15 | 14.79 | 72.20 | 86.99 | OK | |
r-devel-linux-x86_64-fedora-clang | 0.3.15 | 143.21 | OK | |||
r-devel-linux-x86_64-fedora-gcc | 0.3.15 | 135.11 | OK | |||
r-devel-windows-ix86+x86_64 | 0.3.15 | 26.00 | 106.00 | 132.00 | OK | |
r-patched-linux-x86_64 | 0.3.15 | 16.45 | 92.66 | 109.11 | OK | |
r-patched-solaris-x86 | 0.3.15 | 170.60 | NOTE | |||
r-release-linux-x86_64 | 0.3.15 | 17.30 | 92.90 | 110.20 | OK | |
r-release-macos-x86_64 | 0.3.15 | OK | ||||
r-release-windows-ix86+x86_64 | 0.3.15 | 25.00 | 102.00 | 127.00 | OK | |
r-oldrel-macos-x86_64 | 0.3.15 | OK | ||||
r-oldrel-windows-ix86+x86_64 | 0.3.15 | 23.00 | 130.00 | 153.00 | OK |
Version: 0.3.15
Check: package dependencies
Result: NOTE
Package suggested but not available for checking: ‘rsvg’
Flavor: r-patched-solaris-x86