Last updated on 2020-12-04 00:48:28 CET.
Flavor | Version | Tinstall | Tcheck | Ttotal | Status | Flags |
---|---|---|---|---|---|---|
r-devel-linux-x86_64-debian-clang | 0.1.1 | 16.98 | 162.38 | 179.36 | OK | |
r-devel-linux-x86_64-debian-gcc | 0.1.1 | 13.47 | 127.73 | 141.20 | OK | |
r-devel-linux-x86_64-fedora-clang | 0.1.1 | 222.14 | NOTE | |||
r-devel-linux-x86_64-fedora-gcc | 0.1.1 | 215.96 | OK | |||
r-devel-windows-ix86+x86_64 | 0.1.1 | 41.00 | 179.00 | 220.00 | NOTE | |
r-patched-linux-x86_64 | 0.1.1 | 14.85 | 151.09 | 165.94 | OK | |
r-patched-solaris-x86 | 0.1.1 | 288.90 | NOTE | |||
r-release-linux-x86_64 | 0.1.1 | 16.30 | 152.23 | 168.53 | OK | |
r-release-macos-x86_64 | 0.1.1 | NOTE | ||||
r-release-windows-ix86+x86_64 | 0.1.1 | 33.00 | 231.00 | 264.00 | NOTE | |
r-oldrel-macos-x86_64 | 0.1.1 | NOTE | ||||
r-oldrel-windows-ix86+x86_64 | 0.1.1 | 30.00 | 216.00 | 246.00 | NOTE |
Version: 0.1.1
Check: installed package size
Result: NOTE
installed size is 6.2Mb
sub-directories of 1Mb or more:
R 1.5Mb
test_files 4.2Mb
Flavors: r-devel-linux-x86_64-fedora-clang, r-devel-windows-ix86+x86_64, r-patched-solaris-x86, r-release-macos-x86_64, r-release-windows-ix86+x86_64, r-oldrel-macos-x86_64, r-oldrel-windows-ix86+x86_64