CRAN Package Check Results for Package oceanis

Last updated on 2020-12-04 00:48:28 CET.

Flavor Version Tinstall Tcheck Ttotal Status Flags
r-devel-linux-x86_64-debian-clang 1.7.5 53.00 297.07 350.07 OK
r-devel-linux-x86_64-debian-gcc 1.7.5 40.33 218.95 259.28 OK
r-devel-linux-x86_64-fedora-clang 1.7.5 437.30 NOTE
r-devel-linux-x86_64-fedora-gcc 1.7.5 430.14 NOTE
r-devel-windows-ix86+x86_64 1.7.5 87.00 273.00 360.00 OK
r-patched-linux-x86_64 1.7.5 38.90 270.98 309.88 OK
r-patched-solaris-x86 1.7.5 484.80 NOTE
r-release-linux-x86_64 1.7.5 35.40 268.60 304.00 OK
r-release-macos-x86_64 1.7.5 NOTE
r-release-windows-ix86+x86_64 1.7.5 61.00 266.00 327.00 OK
r-oldrel-macos-x86_64 1.7.5 NOTE
r-oldrel-windows-ix86+x86_64 1.7.5 80.00 343.00 423.00 OK

Check Details

Version: 1.7.5
Check: dependencies in R code
Result: NOTE
    Namespace in Imports field not imported from: ‘units’
     All declared Imports should be used.
Flavors: r-devel-linux-x86_64-fedora-clang, r-devel-linux-x86_64-fedora-gcc, r-patched-solaris-x86, r-release-macos-x86_64, r-oldrel-macos-x86_64