CRAN Package Check Results for Package observer

Last updated on 2020-12-04 00:48:28 CET.

Flavor Version Tinstall Tcheck Ttotal Status Flags
r-devel-linux-x86_64-debian-clang 0.1.2 4.99 41.64 46.63 OK
r-devel-linux-x86_64-debian-gcc 0.1.2 3.69 33.83 37.52 OK
r-devel-linux-x86_64-fedora-clang 0.1.2 60.14 NOTE
r-devel-linux-x86_64-fedora-gcc 0.1.2 51.72 OK
r-devel-windows-ix86+x86_64 0.1.2 9.00 44.00 53.00 OK
r-patched-linux-x86_64 0.1.2 4.48 40.35 44.83 OK
r-patched-solaris-x86 0.1.2 77.20 OK
r-release-linux-x86_64 0.1.2 5.27 40.78 46.05 OK
r-release-macos-x86_64 0.1.2 OK
r-release-windows-ix86+x86_64 0.1.2 8.00 40.00 48.00 OK
r-oldrel-macos-x86_64 0.1.2 OK
r-oldrel-windows-ix86+x86_64 0.1.2 6.00 55.00 61.00 OK

Check Details

Version: 0.1.2
Check: Rd cross-references
Result: NOTE
    Undeclared packages ‘ensurer’, ‘validate’ in Rd xrefs
Flavor: r-devel-linux-x86_64-fedora-clang