CRAN Package Check Results for Package nzilbb.labbcat

Last updated on 2020-12-04 00:48:28 CET.

Flavor Version Tinstall Tcheck Ttotal Status Flags
r-devel-linux-x86_64-debian-clang 0.6-2 4.14 36.76 40.90 ERROR
r-devel-linux-x86_64-debian-gcc 0.6-2 3.29 28.87 32.16 ERROR
r-devel-linux-x86_64-fedora-clang 0.6-2 53.36 ERROR
r-devel-linux-x86_64-fedora-gcc 0.6-2 43.36 ERROR
r-devel-windows-ix86+x86_64 0.6-2 8.00 87.00 95.00 OK
r-patched-linux-x86_64 0.6-2 4.30 33.38 37.68 ERROR
r-patched-solaris-x86 0.6-2 54.90 ERROR
r-release-linux-x86_64 0.6-2 3.91 33.30 37.21 ERROR
r-release-macos-x86_64 0.6-2 OK
r-release-windows-ix86+x86_64 0.6-2 7.00 85.00 92.00 OK
r-oldrel-macos-x86_64 0.6-2 OK
r-oldrel-windows-ix86+x86_64 0.6-2 5.00 98.00 103.00 OK

Check Details

Version: 0.6-2
Check: tests
Result: ERROR
     Running 'testthat.R' [5s/55s]
    Running the tests in 'tests/testthat.R' failed.
    Complete output:
     > library(testthat)
     > library(nzilbb.labbcat)
     >
     > test_check("nzilbb.labbcat")
     [1] "ERROR: Server error: (500) Internal Server Error"
     [1] "{"
     [2] " \"title\" : \"500\","
     [3] " \"code\" : 1,"
     [4] " \"errors\" : [\"java.lang.NoClassDefFoundError: nzilbb/ag/serialize/ISerializer$Cardinality\"],"
     [5] " \"messages\" : [],"
     [6] " \"model\" : {} "
     [7] " }"
     [1] "ERROR: Server error: (500) Internal Server Error"
     [1] "{"
     [2] " \"title\" : \"500\","
     [3] " \"code\" : 1,"
     [4] " \"errors\" : [\"java.lang.NoClassDefFoundError: nzilbb/ag/serialize/ISerializer$Cardinality\"],"
     [5] " \"messages\" : [],"
     [6] " \"model\" : {} "
     [7] " }"
     [1] "ERROR: Server error: (500) Internal Server Error"
     [1] "{"
     [2] " \"title\" : \"500\","
     [3] " \"code\" : 1,"
     [4] " \"errors\" : [\"java.lang.NoClassDefFoundError: nzilbb/ag/serialize/ISerializer$Cardinality\"],"
     [5] " \"messages\" : [],"
     [6] " \"model\" : {} "
     [7] " }"
     -- FAILURE (test-getFragments.R:20:5): getFragments works with vectors ---------
     textgrid\.files\[\[1\]\] does not match "AP2505_Nelson__10.000-11.000.TextGrid".
     Actual value: "test-getFragments/AP2505_Nelson__10-11\.TextGrid"
    
     -- FAILURE (test-getFragments.R:21:5): getFragments works with vectors ---------
     textgrid\.files\[\[2\]\] does not match "AP2512_MattBlack__20.000-21.500.TextGrid".
     Actual value: "test-getFragments/AP2512_MattBlack__20-21\.5\.TextGrid"
    
     -- FAILURE (test-getFragments.R:22:5): getFragments works with vectors ---------
     textgrid\.files\[\[3\]\] does not match "AP2512_MattBlack__30.500-31.000.TextGrid".
     Actual value: "test-getFragments/AP2512_MattBlack__30\.5-31\.TextGrid"
    
     -- Warning (test-getFragments.R:25:5): getFragments works with vectors ---------
     cannot remove file 'test-getFragments/AP2505_Nelson__10-11.TextGrid', reason 'No such file or directory'
    
     -- Warning (test-getFragments.R:25:5): getFragments works with vectors ---------
     cannot remove file 'test-getFragments/AP2512_MattBlack__20-21.5.TextGrid', reason 'No such file or directory'
    
     -- Warning (test-getFragments.R:25:5): getFragments works with vectors ---------
     cannot remove file 'test-getFragments/AP2512_MattBlack__30.5-31.TextGrid', reason 'No such file or directory'
    
     -- Skip (test-getMatches.R:4:5): getMatches works with 1x1 orthographic search u
     Reason: On CRAN
    
     -- Skip (test-getMatches.R:47:5): getMatches works with 2x1 orthographic search
     Reason: On CRAN
    
     -- Skip (test-getMatches.R:92:5): getMatches works with 2x3 non-orthographic sea
     Reason: On CRAN
    
     -- Skip (test-getMatches.R:132:5): getMatches works with 2x3 non-orthographic se
     Reason: On CRAN
    
     -- Skip (test-getMatches.R:148:5): getMatches works with complex, multi-match se
     Reason: On CRAN
    
     -- Skip (test-getMatches.R:188:5): getMatches includes segment info when segment
     Reason: On CRAN
    
     -- Skip (test-getMatches.R:226:5): filter parameters of getMatches work --------
     Reason: On CRAN
    
     -- Skip (test-getMatches.R:242:5): words.context parameter of getMatches works -
     Reason: On CRAN
    
     -- Skip (test-getMatches.R:276:5): getMatches pagination works -----------------
     Reason: On CRAN
    
     -- Skipped tests --------------------------------------------------------------
     * On CRAN (9)
    
     == testthat results ===========================================================
     FAILURE (test-getFragments.R:20:5): getFragments works with vectors
     FAILURE (test-getFragments.R:21:5): getFragments works with vectors
     FAILURE (test-getFragments.R:22:5): getFragments works with vectors
     Warning (test-getFragments.R:25:5): getFragments works with vectors
     Warning (test-getFragments.R:25:5): getFragments works with vectors
     Warning (test-getFragments.R:25:5): getFragments works with vectors
    
     [ FAIL 3 | WARN 3 | SKIP 9 | PASS 208 ]
     Error: Test failures
     Execution halted
Flavor: r-devel-linux-x86_64-debian-clang

Version: 0.6-2
Check: tests
Result: ERROR
     Running ‘testthat.R’ [4s/55s]
    Running the tests in ‘tests/testthat.R’ failed.
    Complete output:
     > library(testthat)
     > library(nzilbb.labbcat)
     >
     > test_check("nzilbb.labbcat")
     [1] "ERROR: Server error: (500) Internal Server Error"
     [1] "{"
     [2] " \"title\" : \"500\","
     [3] " \"code\" : 1,"
     [4] " \"errors\" : [\"java.lang.NoClassDefFoundError: nzilbb/ag/serialize/ISerializer$Cardinality\"],"
     [5] " \"messages\" : [],"
     [6] " \"model\" : {} "
     [7] " }"
     [1] "ERROR: Server error: (500) Internal Server Error"
     [1] "{"
     [2] " \"title\" : \"500\","
     [3] " \"code\" : 1,"
     [4] " \"errors\" : [\"java.lang.NoClassDefFoundError: nzilbb/ag/serialize/ISerializer$Cardinality\"],"
     [5] " \"messages\" : [],"
     [6] " \"model\" : {} "
     [7] " }"
     [1] "ERROR: Server error: (500) Internal Server Error"
     [1] "{"
     [2] " \"title\" : \"500\","
     [3] " \"code\" : 1,"
     [4] " \"errors\" : [\"java.lang.NoClassDefFoundError: nzilbb/ag/serialize/ISerializer$Cardinality\"],"
     [5] " \"messages\" : [],"
     [6] " \"model\" : {} "
     [7] " }"
     ── FAILURE (test-getFragments.R:20:5): getFragments works with vectors ─────────
     textgrid\.files\[\[1\]\] does not match "AP2505_Nelson__10.000-11.000.TextGrid".
     Actual value: "test-getFragments/AP2505_Nelson__10-11\.TextGrid"
    
     ── FAILURE (test-getFragments.R:21:5): getFragments works with vectors ─────────
     textgrid\.files\[\[2\]\] does not match "AP2512_MattBlack__20.000-21.500.TextGrid".
     Actual value: "test-getFragments/AP2512_MattBlack__20-21\.5\.TextGrid"
    
     ── FAILURE (test-getFragments.R:22:5): getFragments works with vectors ─────────
     textgrid\.files\[\[3\]\] does not match "AP2512_MattBlack__30.500-31.000.TextGrid".
     Actual value: "test-getFragments/AP2512_MattBlack__30\.5-31\.TextGrid"
    
     ── Warning (test-getFragments.R:25:5): getFragments works with vectors ─────────
     cannot remove file 'test-getFragments/AP2505_Nelson__10-11.TextGrid', reason 'No such file or directory'
    
     ── Warning (test-getFragments.R:25:5): getFragments works with vectors ─────────
     cannot remove file 'test-getFragments/AP2512_MattBlack__20-21.5.TextGrid', reason 'No such file or directory'
    
     ── Warning (test-getFragments.R:25:5): getFragments works with vectors ─────────
     cannot remove file 'test-getFragments/AP2512_MattBlack__30.5-31.TextGrid', reason 'No such file or directory'
    
     ── Skip (test-getMatches.R:4:5): getMatches works with 1x1 orthographic search u
     Reason: On CRAN
    
     ── Skip (test-getMatches.R:47:5): getMatches works with 2x1 orthographic search
     Reason: On CRAN
    
     ── Skip (test-getMatches.R:92:5): getMatches works with 2x3 non-orthographic sea
     Reason: On CRAN
    
     ── Skip (test-getMatches.R:132:5): getMatches works with 2x3 non-orthographic se
     Reason: On CRAN
    
     ── Skip (test-getMatches.R:148:5): getMatches works with complex, multi-match se
     Reason: On CRAN
    
     ── Skip (test-getMatches.R:188:5): getMatches includes segment info when segment
     Reason: On CRAN
    
     ── Skip (test-getMatches.R:226:5): filter parameters of getMatches work ────────
     Reason: On CRAN
    
     ── Skip (test-getMatches.R:242:5): words.context parameter of getMatches works ─
     Reason: On CRAN
    
     ── Skip (test-getMatches.R:276:5): getMatches pagination works ─────────────────
     Reason: On CRAN
    
     ── Skipped tests ──────────────────────────────────────────────────────────────
     ● On CRAN (9)
    
     ══ testthat results ═══════════════════════════════════════════════════════════
     FAILURE (test-getFragments.R:20:5): getFragments works with vectors
     FAILURE (test-getFragments.R:21:5): getFragments works with vectors
     FAILURE (test-getFragments.R:22:5): getFragments works with vectors
     Warning (test-getFragments.R:25:5): getFragments works with vectors
     Warning (test-getFragments.R:25:5): getFragments works with vectors
     Warning (test-getFragments.R:25:5): getFragments works with vectors
    
     [ FAIL 3 | WARN 3 | SKIP 9 | PASS 208 ]
     Error: Test failures
     Execution halted
Flavor: r-devel-linux-x86_64-debian-gcc

Version: 0.6-2
Check: tests
Result: ERROR
     Running ‘testthat.R’ [6s/54s]
    Running the tests in ‘tests/testthat.R’ failed.
    Complete output:
     > library(testthat)
     > library(nzilbb.labbcat)
     >
     > test_check("nzilbb.labbcat")
     [1] "ERROR: Server error: (500) Internal Server Error"
     [1] "{"
     [2] " \"title\" : \"500\","
     [3] " \"code\" : 1,"
     [4] " \"errors\" : [\"java.lang.NoClassDefFoundError: nzilbb/ag/serialize/ISerializer$Cardinality\"],"
     [5] " \"messages\" : [],"
     [6] " \"model\" : {} "
     [7] " }"
     [1] "ERROR: Server error: (500) Internal Server Error"
     [1] "{"
     [2] " \"title\" : \"500\","
     [3] " \"code\" : 1,"
     [4] " \"errors\" : [\"java.lang.NoClassDefFoundError: nzilbb/ag/serialize/ISerializer$Cardinality\"],"
     [5] " \"messages\" : [],"
     [6] " \"model\" : {} "
     [7] " }"
     [1] "ERROR: Server error: (500) Internal Server Error"
     [1] "{"
     [2] " \"title\" : \"500\","
     [3] " \"code\" : 1,"
     [4] " \"errors\" : [\"java.lang.NoClassDefFoundError: nzilbb/ag/serialize/ISerializer$Cardinality\"],"
     [5] " \"messages\" : [],"
     [6] " \"model\" : {} "
     [7] " }"
     ── FAILURE (test-getFragments.R:20:5): getFragments works with vectors ─────────
     textgrid\.files\[\[1\]\] does not match "AP2505_Nelson__10.000-11.000.TextGrid".
     Actual value: "test-getFragments/AP2505_Nelson__10-11\.TextGrid"
    
     ── FAILURE (test-getFragments.R:21:5): getFragments works with vectors ─────────
     textgrid\.files\[\[2\]\] does not match "AP2512_MattBlack__20.000-21.500.TextGrid".
     Actual value: "test-getFragments/AP2512_MattBlack__20-21\.5\.TextGrid"
    
     ── FAILURE (test-getFragments.R:22:5): getFragments works with vectors ─────────
     textgrid\.files\[\[3\]\] does not match "AP2512_MattBlack__30.500-31.000.TextGrid".
     Actual value: "test-getFragments/AP2512_MattBlack__30\.5-31\.TextGrid"
    
     ── Warning (test-getFragments.R:25:5): getFragments works with vectors ─────────
     cannot remove file 'test-getFragments/AP2505_Nelson__10-11.TextGrid', reason 'No such file or directory'
    
     ── Warning (test-getFragments.R:25:5): getFragments works with vectors ─────────
     cannot remove file 'test-getFragments/AP2512_MattBlack__20-21.5.TextGrid', reason 'No such file or directory'
    
     ── Warning (test-getFragments.R:25:5): getFragments works with vectors ─────────
     cannot remove file 'test-getFragments/AP2512_MattBlack__30.5-31.TextGrid', reason 'No such file or directory'
    
     ── Skip (test-getMatches.R:4:5): getMatches works with 1x1 orthographic search u
     Reason: On CRAN
    
     ── Skip (test-getMatches.R:47:5): getMatches works with 2x1 orthographic search
     Reason: On CRAN
    
     ── Skip (test-getMatches.R:92:5): getMatches works with 2x3 non-orthographic sea
     Reason: On CRAN
    
     ── Skip (test-getMatches.R:132:5): getMatches works with 2x3 non-orthographic se
     Reason: On CRAN
    
     ── Skip (test-getMatches.R:148:5): getMatches works with complex, multi-match se
     Reason: On CRAN
    
     ── Skip (test-getMatches.R:188:5): getMatches includes segment info when segment
     Reason: On CRAN
    
     ── Skip (test-getMatches.R:226:5): filter parameters of getMatches work ────────
     Reason: On CRAN
    
     ── Skip (test-getMatches.R:242:5): words.context parameter of getMatches works ─
     Reason: On CRAN
    
     ── Skip (test-getMatches.R:276:5): getMatches pagination works ─────────────────
     Reason: On CRAN
    
     ── Skipped tests ──────────────────────────────────────────────────────────────
     ● On CRAN (9)
    
     ══ testthat results ═══════════════════════════════════════════════════════════
     FAILURE (test-getFragments.R:20:5): getFragments works with vectors
     FAILURE (test-getFragments.R:21:5): getFragments works with vectors
     FAILURE (test-getFragments.R:22:5): getFragments works with vectors
     Warning (test-getFragments.R:25:5): getFragments works with vectors
     Warning (test-getFragments.R:25:5): getFragments works with vectors
     Warning (test-getFragments.R:25:5): getFragments works with vectors
    
     [ FAIL 3 | WARN 3 | SKIP 9 | PASS 208 ]
     Error: Test failures
     Execution halted
Flavor: r-devel-linux-x86_64-fedora-clang

Version: 0.6-2
Check: tests
Result: ERROR
     Running ‘testthat.R’ [6s/53s]
    Running the tests in ‘tests/testthat.R’ failed.
    Complete output:
     > library(testthat)
     > library(nzilbb.labbcat)
     >
     > test_check("nzilbb.labbcat")
     [1] "ERROR: Server error: (500) Internal Server Error"
     [1] "{"
     [2] " \"title\" : \"500\","
     [3] " \"code\" : 1,"
     [4] " \"errors\" : [\"java.lang.NoClassDefFoundError: nzilbb/ag/serialize/ISerializer$Cardinality\"],"
     [5] " \"messages\" : [],"
     [6] " \"model\" : {} "
     [7] " }"
     [1] "ERROR: Server error: (500) Internal Server Error"
     [1] "{"
     [2] " \"title\" : \"500\","
     [3] " \"code\" : 1,"
     [4] " \"errors\" : [\"java.lang.NoClassDefFoundError: nzilbb/ag/serialize/ISerializer$Cardinality\"],"
     [5] " \"messages\" : [],"
     [6] " \"model\" : {} "
     [7] " }"
     [1] "ERROR: Server error: (500) Internal Server Error"
     [1] "{"
     [2] " \"title\" : \"500\","
     [3] " \"code\" : 1,"
     [4] " \"errors\" : [\"java.lang.NoClassDefFoundError: nzilbb/ag/serialize/ISerializer$Cardinality\"],"
     [5] " \"messages\" : [],"
     [6] " \"model\" : {} "
     [7] " }"
     ── FAILURE (test-getFragments.R:20:5): getFragments works with vectors ─────────
     textgrid\.files\[\[1\]\] does not match "AP2505_Nelson__10.000-11.000.TextGrid".
     Actual value: "test-getFragments/AP2505_Nelson__10-11\.TextGrid"
    
     ── FAILURE (test-getFragments.R:21:5): getFragments works with vectors ─────────
     textgrid\.files\[\[2\]\] does not match "AP2512_MattBlack__20.000-21.500.TextGrid".
     Actual value: "test-getFragments/AP2512_MattBlack__20-21\.5\.TextGrid"
    
     ── FAILURE (test-getFragments.R:22:5): getFragments works with vectors ─────────
     textgrid\.files\[\[3\]\] does not match "AP2512_MattBlack__30.500-31.000.TextGrid".
     Actual value: "test-getFragments/AP2512_MattBlack__30\.5-31\.TextGrid"
    
     ── Warning (test-getFragments.R:25:5): getFragments works with vectors ─────────
     cannot remove file 'test-getFragments/AP2505_Nelson__10-11.TextGrid', reason 'No such file or directory'
    
     ── Warning (test-getFragments.R:25:5): getFragments works with vectors ─────────
     cannot remove file 'test-getFragments/AP2512_MattBlack__20-21.5.TextGrid', reason 'No such file or directory'
    
     ── Warning (test-getFragments.R:25:5): getFragments works with vectors ─────────
     cannot remove file 'test-getFragments/AP2512_MattBlack__30.5-31.TextGrid', reason 'No such file or directory'
    
     ── Skip (test-getMatches.R:4:5): getMatches works with 1x1 orthographic search u
     Reason: On CRAN
    
     ── Skip (test-getMatches.R:47:5): getMatches works with 2x1 orthographic search
     Reason: On CRAN
    
     ── Skip (test-getMatches.R:92:5): getMatches works with 2x3 non-orthographic sea
     Reason: On CRAN
    
     ── Skip (test-getMatches.R:132:5): getMatches works with 2x3 non-orthographic se
     Reason: On CRAN
    
     ── Skip (test-getMatches.R:148:5): getMatches works with complex, multi-match se
     Reason: On CRAN
    
     ── Skip (test-getMatches.R:188:5): getMatches includes segment info when segment
     Reason: On CRAN
    
     ── Skip (test-getMatches.R:226:5): filter parameters of getMatches work ────────
     Reason: On CRAN
    
     ── Skip (test-getMatches.R:242:5): words.context parameter of getMatches works ─
     Reason: On CRAN
    
     ── Skip (test-getMatches.R:276:5): getMatches pagination works ─────────────────
     Reason: On CRAN
    
     ── Skipped tests ──────────────────────────────────────────────────────────────
     ● On CRAN (9)
    
     ══ testthat results ═══════════════════════════════════════════════════════════
     FAILURE (test-getFragments.R:20:5): getFragments works with vectors
     FAILURE (test-getFragments.R:21:5): getFragments works with vectors
     FAILURE (test-getFragments.R:22:5): getFragments works with vectors
     Warning (test-getFragments.R:25:5): getFragments works with vectors
     Warning (test-getFragments.R:25:5): getFragments works with vectors
     Warning (test-getFragments.R:25:5): getFragments works with vectors
    
     [ FAIL 3 | WARN 3 | SKIP 9 | PASS 208 ]
     Error: Test failures
     Execution halted
Flavor: r-devel-linux-x86_64-fedora-gcc

Version: 0.6-2
Check: tests
Result: ERROR
     Running ‘testthat.R’ [5s/58s]
    Running the tests in ‘tests/testthat.R’ failed.
    Complete output:
     > library(testthat)
     > library(nzilbb.labbcat)
     >
     > test_check("nzilbb.labbcat")
     [1] "ERROR: Server error: (500) Internal Server Error"
     [1] "{"
     [2] " \"title\" : \"500\","
     [3] " \"code\" : 1,"
     [4] " \"errors\" : [\"java.lang.NoClassDefFoundError: nzilbb/ag/serialize/ISerializer$Cardinality\"],"
     [5] " \"messages\" : [],"
     [6] " \"model\" : {} "
     [7] " }"
     [1] "ERROR: Server error: (500) Internal Server Error"
     [1] "{"
     [2] " \"title\" : \"500\","
     [3] " \"code\" : 1,"
     [4] " \"errors\" : [\"java.lang.NoClassDefFoundError: nzilbb/ag/serialize/ISerializer$Cardinality\"],"
     [5] " \"messages\" : [],"
     [6] " \"model\" : {} "
     [7] " }"
     [1] "ERROR: Server error: (500) Internal Server Error"
     [1] "{"
     [2] " \"title\" : \"500\","
     [3] " \"code\" : 1,"
     [4] " \"errors\" : [\"java.lang.NoClassDefFoundError: nzilbb/ag/serialize/ISerializer$Cardinality\"],"
     [5] " \"messages\" : [],"
     [6] " \"model\" : {} "
     [7] " }"
     ── FAILURE (test-getFragments.R:20:5): getFragments works with vectors ─────────
     textgrid\.files\[\[1\]\] does not match "AP2505_Nelson__10.000-11.000.TextGrid".
     Actual value: "test-getFragments/AP2505_Nelson__10-11\.TextGrid"
    
     ── FAILURE (test-getFragments.R:21:5): getFragments works with vectors ─────────
     textgrid\.files\[\[2\]\] does not match "AP2512_MattBlack__20.000-21.500.TextGrid".
     Actual value: "test-getFragments/AP2512_MattBlack__20-21\.5\.TextGrid"
    
     ── FAILURE (test-getFragments.R:22:5): getFragments works with vectors ─────────
     textgrid\.files\[\[3\]\] does not match "AP2512_MattBlack__30.500-31.000.TextGrid".
     Actual value: "test-getFragments/AP2512_MattBlack__30\.5-31\.TextGrid"
    
     ── Warning (test-getFragments.R:25:5): getFragments works with vectors ─────────
     cannot remove file 'test-getFragments/AP2505_Nelson__10-11.TextGrid', reason 'No such file or directory'
    
     ── Warning (test-getFragments.R:25:5): getFragments works with vectors ─────────
     cannot remove file 'test-getFragments/AP2512_MattBlack__20-21.5.TextGrid', reason 'No such file or directory'
    
     ── Warning (test-getFragments.R:25:5): getFragments works with vectors ─────────
     cannot remove file 'test-getFragments/AP2512_MattBlack__30.5-31.TextGrid', reason 'No such file or directory'
    
     ── Skip (test-getMatches.R:4:5): getMatches works with 1x1 orthographic search u
     Reason: On CRAN
    
     ── Skip (test-getMatches.R:47:5): getMatches works with 2x1 orthographic search
     Reason: On CRAN
    
     ── Skip (test-getMatches.R:92:5): getMatches works with 2x3 non-orthographic sea
     Reason: On CRAN
    
     ── Skip (test-getMatches.R:132:5): getMatches works with 2x3 non-orthographic se
     Reason: On CRAN
    
     ── Skip (test-getMatches.R:148:5): getMatches works with complex, multi-match se
     Reason: On CRAN
    
     ── Skip (test-getMatches.R:188:5): getMatches includes segment info when segment
     Reason: On CRAN
    
     ── Skip (test-getMatches.R:226:5): filter parameters of getMatches work ────────
     Reason: On CRAN
    
     ── Skip (test-getMatches.R:242:5): words.context parameter of getMatches works ─
     Reason: On CRAN
    
     ── Skip (test-getMatches.R:276:5): getMatches pagination works ─────────────────
     Reason: On CRAN
    
     ── Skipped tests ──────────────────────────────────────────────────────────────
     ● On CRAN (9)
    
     ══ testthat results ═══════════════════════════════════════════════════════════
     FAILURE (test-getFragments.R:20:5): getFragments works with vectors
     FAILURE (test-getFragments.R:21:5): getFragments works with vectors
     FAILURE (test-getFragments.R:22:5): getFragments works with vectors
     Warning (test-getFragments.R:25:5): getFragments works with vectors
     Warning (test-getFragments.R:25:5): getFragments works with vectors
     Warning (test-getFragments.R:25:5): getFragments works with vectors
    
     [ FAIL 3 | WARN 3 | SKIP 9 | PASS 208 ]
     Error: Test failures
     Execution halted
Flavor: r-patched-linux-x86_64

Version: 0.6-2
Check: tests
Result: ERROR
     Running ‘testthat.R’ [6s/63s]
    Running the tests in ‘tests/testthat.R’ failed.
    Complete output:
     > library(testthat)
     > library(nzilbb.labbcat)
     >
     > test_check("nzilbb.labbcat")
     [1] "ERROR: Server error: (500) Internal Server Error"
     [1] "{"
     [2] " \"title\" : \"500\","
     [3] " \"code\" : 1,"
     [4] " \"errors\" : [\"java.lang.NoClassDefFoundError: nzilbb/ag/serialize/ISerializer$Cardinality\"],"
     [5] " \"messages\" : [],"
     [6] " \"model\" : {} "
     [7] " }"
     [1] "ERROR: Server error: (500) Internal Server Error"
     [1] "{"
     [2] " \"title\" : \"500\","
     [3] " \"code\" : 1,"
     [4] " \"errors\" : [\"java.lang.NoClassDefFoundError: nzilbb/ag/serialize/ISerializer$Cardinality\"],"
     [5] " \"messages\" : [],"
     [6] " \"model\" : {} "
     [7] " }"
     [1] "ERROR: Server error: (500) Internal Server Error"
     [1] "{"
     [2] " \"title\" : \"500\","
     [3] " \"code\" : 1,"
     [4] " \"errors\" : [\"java.lang.NoClassDefFoundError: nzilbb/ag/serialize/ISerializer$Cardinality\"],"
     [5] " \"messages\" : [],"
     [6] " \"model\" : {} "
     [7] " }"
     ── FAILURE (test-getFragments.R:20:5): getFragments works with vectors ─────────
     textgrid\.files\[\[1\]\] does not match "AP2505_Nelson__10.000-11.000.TextGrid".
     Actual value: "test-getFragments/AP2505_Nelson__10-11\.TextGrid"
    
     ── FAILURE (test-getFragments.R:21:5): getFragments works with vectors ─────────
     textgrid\.files\[\[2\]\] does not match "AP2512_MattBlack__20.000-21.500.TextGrid".
     Actual value: "test-getFragments/AP2512_MattBlack__20-21\.5\.TextGrid"
    
     ── FAILURE (test-getFragments.R:22:5): getFragments works with vectors ─────────
     textgrid\.files\[\[3\]\] does not match "AP2512_MattBlack__30.500-31.000.TextGrid".
     Actual value: "test-getFragments/AP2512_MattBlack__30\.5-31\.TextGrid"
    
     ── Warning (test-getFragments.R:25:5): getFragments works with vectors ─────────
     cannot remove file 'test-getFragments/AP2505_Nelson__10-11.TextGrid', reason 'No such file or directory'
    
     ── Warning (test-getFragments.R:25:5): getFragments works with vectors ─────────
     cannot remove file 'test-getFragments/AP2512_MattBlack__20-21.5.TextGrid', reason 'No such file or directory'
    
     ── Warning (test-getFragments.R:25:5): getFragments works with vectors ─────────
     cannot remove file 'test-getFragments/AP2512_MattBlack__30.5-31.TextGrid', reason 'No such file or directory'
    
     ── Skip (test-getMatches.R:4:5): getMatches works with 1x1 orthographic search u
     Reason: On CRAN
    
     ── Skip (test-getMatches.R:47:5): getMatches works with 2x1 orthographic search
     Reason: On CRAN
    
     ── Skip (test-getMatches.R:92:5): getMatches works with 2x3 non-orthographic sea
     Reason: On CRAN
    
     ── Skip (test-getMatches.R:132:5): getMatches works with 2x3 non-orthographic se
     Reason: On CRAN
    
     ── Skip (test-getMatches.R:148:5): getMatches works with complex, multi-match se
     Reason: On CRAN
    
     ── Skip (test-getMatches.R:188:5): getMatches includes segment info when segment
     Reason: On CRAN
    
     ── Skip (test-getMatches.R:226:5): filter parameters of getMatches work ────────
     Reason: On CRAN
    
     ── Skip (test-getMatches.R:242:5): words.context parameter of getMatches works ─
     Reason: On CRAN
    
     ── Skip (test-getMatches.R:276:5): getMatches pagination works ─────────────────
     Reason: On CRAN
    
     ── Skipped tests ──────────────────────────────────────────────────────────────
     ● On CRAN (9)
    
     ══ testthat results ═══════════════════════════════════════════════════════════
     FAILURE (test-getFragments.R:20:5): getFragments works with vectors
     FAILURE (test-getFragments.R:21:5): getFragments works with vectors
     FAILURE (test-getFragments.R:22:5): getFragments works with vectors
     Warning (test-getFragments.R:25:5): getFragments works with vectors
     Warning (test-getFragments.R:25:5): getFragments works with vectors
     Warning (test-getFragments.R:25:5): getFragments works with vectors
    
     [ FAIL 3 | WARN 3 | SKIP 9 | PASS 208 ]
     Error: Test failures
     Execution halted
Flavor: r-patched-solaris-x86

Version: 0.6-2
Check: tests
Result: ERROR
     Running ‘testthat.R’ [5s/56s]
    Running the tests in ‘tests/testthat.R’ failed.
    Complete output:
     > library(testthat)
     > library(nzilbb.labbcat)
     >
     > test_check("nzilbb.labbcat")
     [1] "ERROR: Server error: (500) Internal Server Error"
     [1] "{"
     [2] " \"title\" : \"500\","
     [3] " \"code\" : 1,"
     [4] " \"errors\" : [\"java.lang.NoClassDefFoundError: nzilbb/ag/serialize/ISerializer$Cardinality\"],"
     [5] " \"messages\" : [],"
     [6] " \"model\" : {} "
     [7] " }"
     [1] "ERROR: Server error: (500) Internal Server Error"
     [1] "{"
     [2] " \"title\" : \"500\","
     [3] " \"code\" : 1,"
     [4] " \"errors\" : [\"java.lang.NoClassDefFoundError: nzilbb/ag/serialize/ISerializer$Cardinality\"],"
     [5] " \"messages\" : [],"
     [6] " \"model\" : {} "
     [7] " }"
     [1] "ERROR: Server error: (500) Internal Server Error"
     [1] "{"
     [2] " \"title\" : \"500\","
     [3] " \"code\" : 1,"
     [4] " \"errors\" : [\"java.lang.NoClassDefFoundError: nzilbb/ag/serialize/ISerializer$Cardinality\"],"
     [5] " \"messages\" : [],"
     [6] " \"model\" : {} "
     [7] " }"
     ── FAILURE (test-getFragments.R:20:5): getFragments works with vectors ─────────
     textgrid\.files\[\[1\]\] does not match "AP2505_Nelson__10.000-11.000.TextGrid".
     Actual value: "test-getFragments/AP2505_Nelson__10-11\.TextGrid"
    
     ── FAILURE (test-getFragments.R:21:5): getFragments works with vectors ─────────
     textgrid\.files\[\[2\]\] does not match "AP2512_MattBlack__20.000-21.500.TextGrid".
     Actual value: "test-getFragments/AP2512_MattBlack__20-21\.5\.TextGrid"
    
     ── FAILURE (test-getFragments.R:22:5): getFragments works with vectors ─────────
     textgrid\.files\[\[3\]\] does not match "AP2512_MattBlack__30.500-31.000.TextGrid".
     Actual value: "test-getFragments/AP2512_MattBlack__30\.5-31\.TextGrid"
    
     ── Warning (test-getFragments.R:25:5): getFragments works with vectors ─────────
     cannot remove file 'test-getFragments/AP2505_Nelson__10-11.TextGrid', reason 'No such file or directory'
    
     ── Warning (test-getFragments.R:25:5): getFragments works with vectors ─────────
     cannot remove file 'test-getFragments/AP2512_MattBlack__20-21.5.TextGrid', reason 'No such file or directory'
    
     ── Warning (test-getFragments.R:25:5): getFragments works with vectors ─────────
     cannot remove file 'test-getFragments/AP2512_MattBlack__30.5-31.TextGrid', reason 'No such file or directory'
    
     ── Skip (test-getMatches.R:4:5): getMatches works with 1x1 orthographic search u
     Reason: On CRAN
    
     ── Skip (test-getMatches.R:47:5): getMatches works with 2x1 orthographic search
     Reason: On CRAN
    
     ── Skip (test-getMatches.R:92:5): getMatches works with 2x3 non-orthographic sea
     Reason: On CRAN
    
     ── Skip (test-getMatches.R:132:5): getMatches works with 2x3 non-orthographic se
     Reason: On CRAN
    
     ── Skip (test-getMatches.R:148:5): getMatches works with complex, multi-match se
     Reason: On CRAN
    
     ── Skip (test-getMatches.R:188:5): getMatches includes segment info when segment
     Reason: On CRAN
    
     ── Skip (test-getMatches.R:226:5): filter parameters of getMatches work ────────
     Reason: On CRAN
    
     ── Skip (test-getMatches.R:242:5): words.context parameter of getMatches works ─
     Reason: On CRAN
    
     ── Skip (test-getMatches.R:276:5): getMatches pagination works ─────────────────
     Reason: On CRAN
    
     ── Skipped tests ──────────────────────────────────────────────────────────────
     ● On CRAN (9)
    
     ══ testthat results ═══════════════════════════════════════════════════════════
     FAILURE (test-getFragments.R:20:5): getFragments works with vectors
     FAILURE (test-getFragments.R:21:5): getFragments works with vectors
     FAILURE (test-getFragments.R:22:5): getFragments works with vectors
     Warning (test-getFragments.R:25:5): getFragments works with vectors
     Warning (test-getFragments.R:25:5): getFragments works with vectors
     Warning (test-getFragments.R:25:5): getFragments works with vectors
    
     [ FAIL 3 | WARN 3 | SKIP 9 | PASS 208 ]
     Error: Test failures
     Execution halted
Flavor: r-release-linux-x86_64