Last updated on 2020-12-04 00:48:28 CET.
Flavor | Version | Tinstall | Tcheck | Ttotal | Status | Flags |
---|---|---|---|---|---|---|
r-devel-linux-x86_64-debian-clang | 1.0.1 | 12.04 | 35.92 | 47.96 | OK | |
r-devel-linux-x86_64-debian-gcc | 1.0.1 | 11.60 | 29.23 | 40.83 | OK | |
r-devel-linux-x86_64-fedora-clang | 1.0.1 | 66.40 | NOTE | |||
r-devel-linux-x86_64-fedora-gcc | 1.0.1 | 56.05 | OK | |||
r-devel-windows-ix86+x86_64 | 1.0.1 | 20.00 | 37.00 | 57.00 | NOTE | |
r-patched-linux-x86_64 | 1.0.1 | 12.48 | 35.82 | 48.30 | OK | |
r-patched-solaris-x86 | 1.0.1 | 89.70 | NOTE | |||
r-release-linux-x86_64 | 1.0.1 | 11.76 | 36.15 | 47.91 | OK | |
r-release-macos-x86_64 | 1.0.1 | NOTE | ||||
r-release-windows-ix86+x86_64 | 1.0.1 | 16.00 | 52.00 | 68.00 | NOTE | |
r-oldrel-macos-x86_64 | 1.0.1 | NOTE | ||||
r-oldrel-windows-ix86+x86_64 | 1.0.1 | 17.00 | 51.00 | 68.00 | NOTE |
Version: 1.0.1
Check: installed package size
Result: NOTE
installed size is 7.0Mb
sub-directories of 1Mb or more:
data 6.9Mb
Flavors: r-devel-linux-x86_64-fedora-clang, r-devel-windows-ix86+x86_64, r-patched-solaris-x86, r-release-macos-x86_64, r-release-windows-ix86+x86_64, r-oldrel-macos-x86_64, r-oldrel-windows-ix86+x86_64