CRAN Package Check Results for Package nscancor

Last updated on 2020-12-04 00:48:28 CET.

Flavor Version Tinstall Tcheck Ttotal Status Flags
r-devel-linux-x86_64-debian-clang 0.6.1-25 2.40 38.31 40.71 OK
r-devel-linux-x86_64-debian-gcc 0.6.1-25 2.04 26.72 28.76 OK
r-devel-linux-x86_64-fedora-clang 0.6.1-25 52.06 OK
r-devel-linux-x86_64-fedora-gcc 0.6.1-25 41.42 OK
r-devel-windows-ix86+x86_64 0.6.1-25 5.00 36.00 41.00 OK
r-patched-linux-x86_64 0.6.1-25 2.40 34.48 36.88 OK
r-patched-solaris-x86 0.6.1-25 58.30 OK
r-release-linux-x86_64 0.6.1-25 2.42 34.87 37.29 OK
r-release-macos-x86_64 0.6.1-25 OK
r-release-windows-ix86+x86_64 0.6.1-25 4.00 40.00 44.00 OK
r-oldrel-macos-x86_64 0.6.1-25 NOTE
r-oldrel-windows-ix86+x86_64 0.6.1-25 3.00 48.00 51.00 OK

Check Details

Version: 0.6.1-25
Check: package dependencies
Result: NOTE
    Package suggested but not available for checking: ‘PMA’
Flavor: r-oldrel-macos-x86_64