CRAN Package Check Results for Package nprcgenekeepr

Last updated on 2020-12-04 00:48:28 CET.

Flavor Version Tinstall Tcheck Ttotal Status Flags
r-devel-linux-x86_64-debian-clang 1.0.3 14.34 194.06 208.40 OK
r-devel-linux-x86_64-debian-gcc 1.0.3 13.63 147.45 161.08 OK
r-devel-linux-x86_64-fedora-clang 1.0.3 250.21 NOTE
r-devel-linux-x86_64-fedora-gcc 1.0.3 249.33 NOTE
r-devel-windows-ix86+x86_64 1.0.3 30.00 189.00 219.00 OK
r-patched-linux-x86_64 1.0.3 15.50 182.68 198.18 OK
r-patched-solaris-x86 1.0.3 337.70 NOTE
r-release-linux-x86_64 1.0.3 15.11 184.88 199.99 OK
r-release-macos-x86_64 1.0.3 NOTE
r-release-windows-ix86+x86_64 1.0.3 24.00 199.00 223.00 OK
r-oldrel-macos-x86_64 1.0.3 NOTE
r-oldrel-windows-ix86+x86_64 1.0.3 24.00 250.00 274.00 OK

Check Details

Version: 1.0.3
Check: dependencies in R code
Result: NOTE
    Namespace in Imports field not imported from: ‘shinyBS’
     All declared Imports should be used.
Flavors: r-devel-linux-x86_64-fedora-clang, r-devel-linux-x86_64-fedora-gcc, r-patched-solaris-x86, r-release-macos-x86_64, r-oldrel-macos-x86_64