Last updated on 2020-12-04 00:48:28 CET.
Flavor | Version | Tinstall | Tcheck | Ttotal | Status | Flags |
---|---|---|---|---|---|---|
r-devel-linux-x86_64-debian-clang | 0.60-10 | 65.22 | 453.20 | 518.42 | OK | |
r-devel-linux-x86_64-debian-gcc | 0.60-10 | 49.20 | 328.68 | 377.88 | OK | |
r-devel-linux-x86_64-fedora-clang | 0.60-10 | 622.84 | NOTE | |||
r-devel-linux-x86_64-fedora-gcc | 0.60-10 | 618.69 | OK | |||
r-devel-windows-ix86+x86_64 | 0.60-10 | 124.00 | 150.00 | 274.00 | OK | --no-examples --no-tests --no-vignettes |
r-patched-linux-x86_64 | 0.60-10 | 56.10 | 431.54 | 487.64 | OK | |
r-patched-solaris-x86 | 0.60-10 | 953.20 | OK | |||
r-release-linux-x86_64 | 0.60-10 | 54.78 | 431.60 | 486.38 | OK | |
r-release-macos-x86_64 | 0.60-10 | OK | ||||
r-release-windows-ix86+x86_64 | 0.60-10 | 93.00 | 203.00 | 296.00 | OK | --no-examples --no-tests --no-vignettes |
r-oldrel-macos-x86_64 | 0.60-10 | OK | ||||
r-oldrel-windows-ix86+x86_64 | 0.60-10 | 99.00 | 188.00 | 287.00 | OK | --no-examples --no-tests --no-vignettes |
Version: 0.60-10
Check: Rd cross-references
Result: NOTE
Undeclared packages ‘logspline’, ‘ks’ in Rd xrefs
Flavor: r-devel-linux-x86_64-fedora-clang