Last updated on 2020-12-04 00:48:28 CET.
Flavor | Version | Tinstall | Tcheck | Ttotal | Status | Flags |
---|---|---|---|---|---|---|
r-devel-linux-x86_64-debian-clang | 1.1.0 | 4.49 | 51.56 | 56.05 | OK | |
r-devel-linux-x86_64-debian-gcc | 1.1.0 | 4.02 | 39.13 | 43.15 | OK | |
r-devel-linux-x86_64-fedora-clang | 1.1.0 | 72.63 | NOTE | |||
r-devel-linux-x86_64-fedora-gcc | 1.1.0 | 63.46 | OK | |||
r-devel-windows-ix86+x86_64 | 1.1.0 | 10.00 | 57.00 | 67.00 | OK | |
r-patched-linux-x86_64 | 1.1.0 | 5.74 | 50.77 | 56.51 | OK | |
r-patched-solaris-x86 | 1.1.0 | 90.10 | OK | |||
r-release-linux-x86_64 | 1.1.0 | 5.00 | 49.11 | 54.11 | OK | |
r-release-macos-x86_64 | 1.1.0 | OK | ||||
r-release-windows-ix86+x86_64 | 1.1.0 | 8.00 | 77.00 | 85.00 | OK | |
r-oldrel-macos-x86_64 | 1.1.0 | OK | ||||
r-oldrel-windows-ix86+x86_64 | 1.1.0 | 7.00 | 72.00 | 79.00 | OK |
Version: 1.1.0
Check: Rd cross-references
Result: NOTE
Undeclared package ‘bipartite’ in Rd xrefs
Flavor: r-devel-linux-x86_64-fedora-clang