CRAN Package Check Results for Package norm

Last updated on 2020-12-04 00:48:28 CET.

Flavor Version Tinstall Tcheck Ttotal Status Flags
r-devel-linux-x86_64-debian-clang 1.0-9.5 4.50 27.47 31.97 NOTE
r-devel-linux-x86_64-debian-gcc 1.0-9.5 3.46 22.59 26.05 NOTE
r-devel-linux-x86_64-fedora-clang 1.0-9.5 41.46 NOTE
r-devel-linux-x86_64-fedora-gcc 1.0-9.5 32.09 NOTE
r-devel-windows-ix86+x86_64 1.0-9.5 9.00 33.00 42.00 NOTE
r-patched-linux-x86_64 1.0-9.5 3.95 25.97 29.92 NOTE
r-patched-solaris-x86 1.0-9.5 47.10 NOTE
r-release-linux-x86_64 1.0-9.5 4.52 26.27 30.79 NOTE
r-release-macos-x86_64 1.0-9.5 NOTE
r-release-windows-ix86+x86_64 1.0-9.5 8.00 33.00 41.00 NOTE
r-oldrel-macos-x86_64 1.0-9.5 NOTE
r-oldrel-windows-ix86+x86_64 1.0-9.5 10.00 56.00 66.00 NOTE

Check Details

Version: 1.0-9.5
Check: DESCRIPTION meta-information
Result: NOTE
    Malformed Description field: should contain one or more complete sentences.
Flavors: r-devel-linux-x86_64-debian-clang, r-devel-linux-x86_64-debian-gcc, r-devel-linux-x86_64-fedora-clang, r-devel-linux-x86_64-fedora-gcc, r-devel-windows-ix86+x86_64, r-patched-linux-x86_64, r-patched-solaris-x86, r-release-linux-x86_64, r-release-macos-x86_64, r-release-windows-ix86+x86_64, r-oldrel-macos-x86_64, r-oldrel-windows-ix86+x86_64

Version: 1.0-9.5
Check: R code for possible problems
Result: NOTE
    mi.inference: no visible binding for global variable 'var'
    mi.inference: no visible global function definition for 'qt'
    mi.inference: no visible global function definition for 'pt'
    Undefined global functions or variables:
     pt qt var
    Consider adding
     importFrom("stats", "pt", "qt", "var")
    to your NAMESPACE file.
Flavors: r-devel-linux-x86_64-debian-clang, r-devel-linux-x86_64-debian-gcc, r-devel-linux-x86_64-fedora-clang, r-devel-linux-x86_64-fedora-gcc, r-devel-windows-ix86+x86_64, r-patched-linux-x86_64, r-patched-solaris-x86, r-release-linux-x86_64, r-release-macos-x86_64, r-release-windows-ix86+x86_64, r-oldrel-macos-x86_64, r-oldrel-windows-ix86+x86_64

Version: 1.0-9.5
Check: compiled code
Result: NOTE
    File ‘norm/libs/norm.so’:
     Found no calls to: ‘R_registerRoutines’, ‘R_useDynamicSymbols’
    
    It is good practice to register native routines and to disable symbol
    search.
    
    See ‘Writing portable packages’ in the ‘Writing R Extensions’ manual.
Flavors: r-devel-linux-x86_64-fedora-clang, r-devel-linux-x86_64-fedora-gcc