Last updated on 2020-12-04 00:48:28 CET.
Flavor | Version | Tinstall | Tcheck | Ttotal | Status | Flags |
---|---|---|---|---|---|---|
r-devel-linux-x86_64-debian-clang | 0.1.1 | 7.79 | 54.94 | 62.73 | NOTE | |
r-devel-linux-x86_64-debian-gcc | 0.1.1 | 6.46 | 41.70 | 48.16 | NOTE | |
r-devel-linux-x86_64-fedora-clang | 0.1.1 | 80.23 | NOTE | |||
r-devel-linux-x86_64-fedora-gcc | 0.1.1 | 69.24 | NOTE | |||
r-devel-windows-ix86+x86_64 | 0.1.1 | 16.00 | 61.00 | 77.00 | NOTE | |
r-patched-linux-x86_64 | 0.1.1 | 5.55 | 51.07 | 56.62 | NOTE | |
r-patched-solaris-x86 | 0.1.1 | 98.00 | NOTE | |||
r-release-linux-x86_64 | 0.1.1 | 4.52 | 51.88 | 56.40 | NOTE | |
r-release-macos-x86_64 | 0.1.1 | NOTE | ||||
r-release-windows-ix86+x86_64 | 0.1.1 | 13.00 | 59.00 | 72.00 | NOTE | |
r-oldrel-macos-x86_64 | 0.1.1 | NOTE | ||||
r-oldrel-windows-ix86+x86_64 | 0.1.1 | 16.00 | 72.00 | 88.00 | NOTE |
Version: 0.1.1
Check: package dependencies
Result: NOTE
Package suggested but not available for checking: 'hurricaneexposuredata'
Flavors: r-devel-linux-x86_64-debian-clang, r-devel-linux-x86_64-debian-gcc, r-devel-linux-x86_64-fedora-clang, r-devel-linux-x86_64-fedora-gcc, r-devel-windows-ix86+x86_64, r-patched-linux-x86_64, r-patched-solaris-x86, r-release-linux-x86_64, r-release-macos-x86_64, r-release-windows-ix86+x86_64, r-oldrel-macos-x86_64, r-oldrel-windows-ix86+x86_64
Version: 0.1.1
Check: dependencies in R code
Result: NOTE
Namespaces in Imports field not imported from:
‘RColorBrewer’ ‘XML’ ‘choroplethr’ ‘choroplethrMaps’ ‘data.table’
‘forcats’ ‘hurricaneexposure’ ‘plyr’
All declared Imports should be used.
Flavors: r-devel-linux-x86_64-fedora-clang, r-devel-linux-x86_64-fedora-gcc, r-patched-solaris-x86, r-release-macos-x86_64, r-oldrel-macos-x86_64