CRAN Package Check Results for Package nngeo

Last updated on 2020-12-04 00:48:28 CET.

Flavor Version Tinstall Tcheck Ttotal Status Flags
r-devel-linux-x86_64-debian-clang 0.4.0 6.70 70.58 77.28 OK
r-devel-linux-x86_64-debian-gcc 0.4.0 5.98 54.74 60.72 OK
r-devel-linux-x86_64-fedora-clang 0.4.0 101.58 NOTE
r-devel-linux-x86_64-fedora-gcc 0.4.0 94.68 NOTE
r-devel-windows-ix86+x86_64 0.4.0 21.00 103.00 124.00 OK
r-patched-linux-x86_64 0.4.0 7.35 68.71 76.06 OK
r-patched-solaris-x86 0.4.0 123.80 NOTE
r-release-linux-x86_64 0.4.0 7.47 69.45 76.92 OK
r-release-macos-x86_64 0.4.0 NOTE
r-release-windows-ix86+x86_64 0.4.0 16.00 133.00 149.00 OK
r-oldrel-macos-x86_64 0.4.0 NOTE
r-oldrel-windows-ix86+x86_64 0.4.0 15.00 124.00 139.00 OK

Check Details

Version: 0.4.0
Check: dependencies in R code
Result: NOTE
    Namespace in Imports field not imported from: ‘s2’
     All declared Imports should be used.
Flavors: r-devel-linux-x86_64-fedora-clang, r-devel-linux-x86_64-fedora-gcc, r-patched-solaris-x86, r-release-macos-x86_64, r-oldrel-macos-x86_64