CRAN Package Check Results for Package nmslibR

Last updated on 2020-12-04 00:48:28 CET.

Flavor Version Tinstall Tcheck Ttotal Status Flags
r-devel-linux-x86_64-debian-clang 1.0.4 37.20 83.07 120.27 OK
r-devel-linux-x86_64-debian-gcc 1.0.4 24.87 65.62 90.49 OK
r-devel-linux-x86_64-fedora-clang 1.0.4 189.93 NOTE
r-devel-linux-x86_64-fedora-gcc 1.0.4 176.99 NOTE
r-devel-windows-ix86+x86_64 1.0.4 94.00 177.00 271.00 NOTE
r-patched-linux-x86_64 1.0.4 30.77 78.52 109.29 OK
r-patched-solaris-x86 1.0.4 162.40 NOTE
r-release-linux-x86_64 1.0.4 32.04 78.32 110.36 OK
r-release-macos-x86_64 1.0.4 NOTE
r-release-windows-ix86+x86_64 1.0.4 69.00 177.00 246.00 NOTE
r-oldrel-macos-x86_64 1.0.4 NOTE
r-oldrel-windows-ix86+x86_64 1.0.4 65.00 209.00 274.00 OK

Check Details

Version: 1.0.4
Check: dependencies in R code
Result: NOTE
    Namespace in Imports field not imported from: ‘KernelKnn’
     All declared Imports should be used.
Flavors: r-devel-linux-x86_64-fedora-clang, r-devel-linux-x86_64-fedora-gcc, r-patched-solaris-x86, r-release-macos-x86_64, r-oldrel-macos-x86_64

Version: 1.0.4
Check: installed package size
Result: NOTE
     installed size is 5.3Mb
     sub-directories of 1Mb or more:
     libs 2.2Mb
Flavors: r-devel-windows-ix86+x86_64, r-release-windows-ix86+x86_64