Last updated on 2020-12-04 00:48:28 CET.
Flavor | Version | Tinstall | Tcheck | Ttotal | Status | Flags |
---|---|---|---|---|---|---|
r-devel-linux-x86_64-debian-clang | 0.10.1 | 238.13 | 231.48 | 469.61 | OK | |
r-devel-linux-x86_64-debian-gcc | 0.10.1 | 186.61 | 174.28 | 360.89 | OK | |
r-devel-linux-x86_64-fedora-clang | 0.10.1 | 620.51 | NOTE | |||
r-devel-linux-x86_64-fedora-gcc | 0.10.1 | 585.89 | OK | |||
r-devel-windows-ix86+x86_64 | 0.10.1 | 438.00 | 216.00 | 654.00 | NOTE | |
r-patched-linux-x86_64 | 0.10.1 | 217.63 | 212.02 | 429.65 | OK | |
r-patched-solaris-x86 | 0.10.1 | 827.80 | NOTE | |||
r-release-linux-x86_64 | 0.10.1 | 209.34 | 214.09 | 423.43 | OK | |
r-release-macos-x86_64 | 0.10.1 | NOTE | ||||
r-release-windows-ix86+x86_64 | 0.10.1 | 320.00 | 218.00 | 538.00 | NOTE | |
r-oldrel-macos-x86_64 | 0.10.1 | NOTE | ||||
r-oldrel-windows-ix86+x86_64 | 0.10.1 | 333.00 | 252.00 | 585.00 | NOTE |
Version: 0.10.1
Check: installed package size
Result: NOTE
installed size is 33.7Mb
sub-directories of 1Mb or more:
CppCode 1.1Mb
R 5.7Mb
classic-bugs 1.6Mb
include 5.7Mb
libs 17.1Mb
tests 1.9Mb
Flavors: r-devel-linux-x86_64-fedora-clang, r-devel-windows-ix86+x86_64, r-patched-solaris-x86, r-release-macos-x86_64, r-release-windows-ix86+x86_64, r-oldrel-macos-x86_64, r-oldrel-windows-ix86+x86_64