CRAN Package Check Results for Package newsanchor

Last updated on 2020-12-04 00:48:28 CET.

Flavor Version Tinstall Tcheck Ttotal Status Flags
r-devel-linux-x86_64-debian-clang 0.1.1 5.40 42.85 48.25 OK
r-devel-linux-x86_64-debian-gcc 0.1.1 3.98 36.72 40.70 OK
r-devel-linux-x86_64-fedora-clang 0.1.1 65.35 NOTE
r-devel-linux-x86_64-fedora-gcc 0.1.1 54.56 NOTE
r-devel-windows-ix86+x86_64 0.1.1 13.00 46.00 59.00 OK
r-patched-linux-x86_64 0.1.1 4.89 43.26 48.15 OK
r-patched-solaris-x86 0.1.1 83.90 NOTE
r-release-linux-x86_64 0.1.1 5.79 42.35 48.14 OK
r-release-macos-x86_64 0.1.1 NOTE
r-release-windows-ix86+x86_64 0.1.1 10.00 49.00 59.00 OK
r-oldrel-macos-x86_64 0.1.1 NOTE
r-oldrel-windows-ix86+x86_64 0.1.1 7.00 57.00 64.00 OK

Check Details

Version: 0.1.1
Check: dependencies in R code
Result: NOTE
    Namespaces in Imports field not imported from:
     ‘devtools’ ‘xml2’
     All declared Imports should be used.
Flavors: r-devel-linux-x86_64-fedora-clang, r-devel-linux-x86_64-fedora-gcc, r-patched-solaris-x86, r-release-macos-x86_64, r-oldrel-macos-x86_64

Version: 0.1.1
Check: data for non-ASCII characters
Result: NOTE
     Note: found 318 marked UTF-8 strings
Flavors: r-devel-linux-x86_64-fedora-clang, r-devel-linux-x86_64-fedora-gcc, r-patched-solaris-x86, r-release-macos-x86_64, r-oldrel-macos-x86_64