Last updated on 2020-12-04 00:48:28 CET.
Flavor | Version | Tinstall | Tcheck | Ttotal | Status | Flags |
---|---|---|---|---|---|---|
r-devel-linux-x86_64-debian-clang | 1.2-1 | 25.61 | 342.80 | 368.41 | OK | |
r-devel-linux-x86_64-debian-gcc | 1.2-1 | 22.09 | 258.22 | 280.31 | OK | |
r-devel-linux-x86_64-fedora-clang | 1.2-1 | 445.34 | NOTE | |||
r-devel-linux-x86_64-fedora-gcc | 1.2-1 | 452.43 | NOTE | |||
r-devel-windows-ix86+x86_64 | 1.2-1 | 48.00 | 284.00 | 332.00 | OK | |
r-patched-linux-x86_64 | 1.2-1 | 24.91 | 331.91 | 356.82 | OK | |
r-patched-solaris-x86 | 1.2-1 | 537.90 | NOTE | |||
r-release-linux-x86_64 | 1.2-1 | 23.63 | 328.77 | 352.40 | OK | |
r-release-macos-x86_64 | 1.2-1 | NOTE | ||||
r-release-windows-ix86+x86_64 | 1.2-1 | 35.00 | 295.00 | 330.00 | OK | |
r-oldrel-macos-x86_64 | 1.2-1 | NOTE | ||||
r-oldrel-windows-ix86+x86_64 | 1.2-1 | 36.00 | 369.00 | 405.00 | OK |
Version: 1.2-1
Check: data for non-ASCII characters
Result: NOTE
Note: found 1 marked UTF-8 string
Flavors: r-devel-linux-x86_64-fedora-clang, r-devel-linux-x86_64-fedora-gcc, r-patched-solaris-x86, r-release-macos-x86_64, r-oldrel-macos-x86_64