CRAN Package Check Results for Package netdiffuseR

Last updated on 2020-12-04 00:48:28 CET.

Flavor Version Tinstall Tcheck Ttotal Status Flags
r-devel-linux-x86_64-debian-clang 1.22.0 158.30 340.75 499.05 OK
r-devel-linux-x86_64-debian-gcc 1.22.0 110.20 252.28 362.48 OK
r-devel-linux-x86_64-fedora-clang 1.22.0 628.59 NOTE
r-devel-linux-x86_64-fedora-gcc 1.22.0 610.47 OK
r-devel-windows-ix86+x86_64 1.22.0 341.00 279.00 620.00 NOTE --no-vignettes
r-patched-linux-x86_64 1.22.0 130.58 333.29 463.87 OK
r-patched-solaris-x86 1.22.0 629.80 OK
r-release-linux-x86_64 1.22.0 127.01 329.42 456.43 OK
r-release-macos-x86_64 1.22.0 NOTE
r-release-windows-ix86+x86_64 1.22.0 261.00 395.00 656.00 NOTE --no-vignettes
r-oldrel-macos-x86_64 1.22.0 NOTE
r-oldrel-windows-ix86+x86_64 1.22.0 263.00 386.00 649.00 NOTE --no-vignettes

Check Details

Version: 1.22.0
Check: installed package size
Result: NOTE
     installed size is 11.8Mb
     sub-directories of 1Mb or more:
     doc 2.2Mb
     libs 7.9Mb
Flavors: r-devel-linux-x86_64-fedora-clang, r-release-macos-x86_64, r-oldrel-macos-x86_64

Version: 1.22.0
Flags: --no-vignettes
Check: installed package size
Result: NOTE
     installed size is 6.8Mb
     sub-directories of 1Mb or more:
     doc 2.2Mb
     libs 2.9Mb
Flavors: r-devel-windows-ix86+x86_64, r-release-windows-ix86+x86_64, r-oldrel-windows-ix86+x86_64