Last updated on 2020-12-04 00:48:28 CET.
Flavor | Version | Tinstall | Tcheck | Ttotal | Status | Flags |
---|---|---|---|---|---|---|
r-devel-linux-x86_64-debian-clang | 1.5.1 | 9.23 | 75.01 | 84.24 | NOTE | |
r-devel-linux-x86_64-debian-gcc | 1.5.1 | 7.56 | 59.49 | 67.05 | NOTE | |
r-devel-linux-x86_64-fedora-clang | 1.5.1 | 104.82 | NOTE | |||
r-devel-linux-x86_64-fedora-gcc | 1.5.1 | 95.50 | NOTE | |||
r-devel-windows-ix86+x86_64 | 1.5.1 | 17.00 | 80.00 | 97.00 | OK | |
r-patched-linux-x86_64 | 1.5.1 | 7.05 | 70.30 | 77.35 | NOTE | |
r-patched-solaris-x86 | 1.5.1 | 128.40 | NOTE | |||
r-release-linux-x86_64 | 1.5.1 | 6.60 | 71.13 | 77.73 | NOTE | |
r-release-macos-x86_64 | 1.5.1 | NOTE | ||||
r-release-windows-ix86+x86_64 | 1.5.1 | 11.00 | 74.00 | 85.00 | OK | |
r-oldrel-macos-x86_64 | 1.5.1 | NOTE | ||||
r-oldrel-windows-ix86+x86_64 | 1.5.1 | 15.00 | 97.00 | 112.00 | OK |
Version: 1.5.1
Check: R code for possible problems
Result: NOTE
Found the following assignments to the global environment:
File 'neatStats/R/rbind_loop.R':
assign(merged_str, to_merge, envir = .GlobalEnv)
assign(merged_str, plyr::rbind.fill(merged, to_merge), envir = .GlobalEnv)
Flavors: r-devel-linux-x86_64-debian-clang, r-devel-linux-x86_64-debian-gcc, r-devel-linux-x86_64-fedora-clang, r-patched-linux-x86_64, r-release-linux-x86_64
Version: 1.5.1
Check: dependencies in R code
Result: NOTE
Namespace in Imports field not imported from: ‘ez’
All declared Imports should be used.
Flavors: r-devel-linux-x86_64-fedora-clang, r-devel-linux-x86_64-fedora-gcc, r-patched-solaris-x86, r-release-macos-x86_64, r-oldrel-macos-x86_64