CRAN Package Check Results for Package nc

Last updated on 2020-12-04 00:48:28 CET.

Flavor Version Tinstall Tcheck Ttotal Status Flags
r-devel-linux-x86_64-debian-clang 2020.8.6 3.54 72.42 75.96 NOTE
r-devel-linux-x86_64-debian-gcc 2020.8.6 2.37 48.37 50.74 NOTE
r-devel-linux-x86_64-fedora-clang 2020.8.6 87.97 NOTE
r-devel-linux-x86_64-fedora-gcc 2020.8.6 74.44 NOTE
r-devel-windows-ix86+x86_64 2020.8.6 8.00 68.00 76.00 OK
r-patched-linux-x86_64 2020.8.6 3.00 63.20 66.20 NOTE
r-patched-solaris-x86 2020.8.6 103.60 NOTE
r-release-linux-x86_64 2020.8.6 2.79 62.96 65.75 NOTE
r-release-macos-x86_64 2020.8.6 NOTE
r-release-windows-ix86+x86_64 2020.8.6 6.00 67.00 73.00 OK
r-oldrel-macos-x86_64 2020.8.6 ERROR
r-oldrel-windows-ix86+x86_64 2020.8.6 5.00 89.00 94.00 ERROR

Check Details

Version: 2020.8.6
Check: package dependencies
Result: NOTE
    Package suggested but not available for checking: 're2r'
Flavors: r-devel-linux-x86_64-debian-clang, r-devel-linux-x86_64-debian-gcc, r-devel-linux-x86_64-fedora-clang, r-devel-linux-x86_64-fedora-gcc, r-patched-linux-x86_64, r-patched-solaris-x86, r-release-linux-x86_64, r-release-macos-x86_64

Version: 2020.8.6
Check: tests
Result: ERROR
     Running ‘testthat.R’ [18s/9s]
    Running the tests in ‘tests/testthat.R’ failed.
    Last 13 lines of output:
     1. └─nc::capture_first_df(subject, x = list(s = "\\S+$")) test-CRAN-subject.R:21:2
     2. └─base::tryCatch(...)
     3. └─base:::tryCatchList(expr, classes, parentenv, handlers)
     4. └─base:::tryCatchOne(expr, names, parentenv, handlers[[1L]])
     5. └─value[[3L]](cond)
    
     ══ testthat results ═══════════════════════════════════════════════════════════
     ERROR (test-CRAN-df.R:8:3): RE2 default/specified engine respected
     ERROR (test-CRAN-df.R:8:3): ICU default/specified engine respected
     ERROR (test-CRAN-df.R:8:3): PCRE default/specified engine respected
     ERROR (test-CRAN-subject.R:21:3): capture_first_df does not use s arg for subject
    
     [ FAIL 4 | WARN 0 | SKIP 0 | PASS 543 ]
     Error: Test failures
     Execution halted
Flavor: r-oldrel-macos-x86_64

Version: 2020.8.6
Check: tests
Result: ERROR
     Running 'testthat.R' [15s]
    Running the tests in 'tests/testthat.R' failed.
    Complete output:
     > if(require(testthat))test_check("nc")
     Loading required package: testthat
     Loading required package: nc
     -- ERROR (test-CRAN-df.R:8:3): RE2 default/specified engine respected ----------
     Error: problem for subject column f: Error in stop_for_subject(subject): subject has class=factor and length=1 but should be a character vector with length>0
    
     Backtrace:
     x
     1. \-nc::capture_first_df(...) test-CRAN-df.R:8:2
     2. \-base::tryCatch(...)
     3. \-base:::tryCatchList(expr, classes, parentenv, handlers)
     4. \-base:::tryCatchOne(expr, names, parentenv, handlers[[1L]])
     5. \-value[[3L]](cond)
    
     -- ERROR (test-CRAN-df.R:8:3): ICU default/specified engine respected ----------
     Error: problem for subject column f: Error in stop_for_subject(subject): subject has class=factor and length=1 but should be a character vector with length>0
    
     Backtrace:
     x
     1. \-nc::capture_first_df(...) test-CRAN-df.R:8:2
     2. \-base::tryCatch(...)
     3. \-base:::tryCatchList(expr, classes, parentenv, handlers)
     4. \-base:::tryCatchOne(expr, names, parentenv, handlers[[1L]])
     5. \-value[[3L]](cond)
    
     -- ERROR (test-CRAN-df.R:8:3): PCRE default/specified engine respected ---------
     Error: problem for subject column f: Error in stop_for_subject(subject): subject has class=factor and length=1 but should be a character vector with length>0
    
     Backtrace:
     x
     1. \-nc::capture_first_df(...) test-CRAN-df.R:8:2
     2. \-base::tryCatch(...)
     3. \-base:::tryCatchList(expr, classes, parentenv, handlers)
     4. \-base:::tryCatchOne(expr, names, parentenv, handlers[[1L]])
     5. \-value[[3L]](cond)
    
     -- ERROR (test-CRAN-subject.R:21:3): capture_first_df does not use s arg for sub
     Error: problem for subject column x: Error in stop_for_subject(subject): subject has class=factor and length=1 but should be a character vector with length>0
    
     Backtrace:
     x
     1. \-nc::capture_first_df(subject, x = list(s = "\\S+$")) test-CRAN-subject.R:21:2
     2. \-base::tryCatch(...)
     3. \-base:::tryCatchList(expr, classes, parentenv, handlers)
     4. \-base:::tryCatchOne(expr, names, parentenv, handlers[[1L]])
     5. \-value[[3L]](cond)
    
     == testthat results ===========================================================
     ERROR (test-CRAN-df.R:8:3): RE2 default/specified engine respected
     ERROR (test-CRAN-df.R:8:3): ICU default/specified engine respected
     ERROR (test-CRAN-df.R:8:3): PCRE default/specified engine respected
     ERROR (test-CRAN-subject.R:21:3): capture_first_df does not use s arg for subject
    
     [ FAIL 4 | WARN 0 | SKIP 0 | PASS 543 ]
     Error: Test failures
     Execution halted
Flavor: r-oldrel-windows-ix86+x86_64