Last updated on 2020-12-04 00:48:28 CET.
Flavor | Version | Tinstall | Tcheck | Ttotal | Status | Flags |
---|---|---|---|---|---|---|
r-devel-linux-x86_64-debian-clang | 1.5.1 | 17.34 | 98.38 | 115.72 | OK | |
r-devel-linux-x86_64-debian-gcc | 1.5.1 | 14.11 | 72.79 | 86.90 | OK | |
r-devel-linux-x86_64-fedora-clang | 1.5.1 | 143.50 | NOTE | |||
r-devel-linux-x86_64-fedora-gcc | 1.5.1 | 134.13 | NOTE | |||
r-devel-windows-ix86+x86_64 | 1.5.1 | 36.00 | 120.00 | 156.00 | OK | |
r-patched-linux-x86_64 | 1.5.1 | 11.89 | 91.00 | 102.89 | OK | |
r-patched-solaris-x86 | 1.5.1 | 189.60 | OK | |||
r-release-linux-x86_64 | 1.5.1 | 10.67 | 90.83 | 101.50 | OK | |
r-release-macos-x86_64 | 1.5.1 | OK | ||||
r-release-windows-ix86+x86_64 | 1.5.1 | 30.00 | 124.00 | 154.00 | OK | |
r-oldrel-macos-x86_64 | 1.5.1 | OK | ||||
r-oldrel-windows-ix86+x86_64 | 1.5.1 | 30.00 | 145.00 | 175.00 | OK |
Version: 1.5.1
Check: compiled code
Result: NOTE
File ‘nbpMatching/libs/nbpMatching.so’:
Found no calls to: ‘R_registerRoutines’, ‘R_useDynamicSymbols’
It is good practice to register native routines and to disable symbol
search.
See ‘Writing portable packages’ in the ‘Writing R Extensions’ manual.
Flavors: r-devel-linux-x86_64-fedora-clang, r-devel-linux-x86_64-fedora-gcc