CRAN Package Check Results for Package nat.templatebrains

Last updated on 2020-12-04 00:48:28 CET.

Flavor Version Tinstall Tcheck Ttotal Status Flags
r-devel-linux-x86_64-debian-clang 1.0 8.01 64.60 72.61 OK
r-devel-linux-x86_64-debian-gcc 1.0 6.28 52.76 59.04 OK
r-devel-linux-x86_64-fedora-clang 1.0 92.10 OK
r-devel-linux-x86_64-fedora-gcc 1.0 83.66 OK
r-devel-windows-ix86+x86_64 1.0 17.00 64.00 81.00 OK
r-patched-linux-x86_64 1.0 7.74 62.30 70.04 OK
r-patched-solaris-x86 1.0 126.30 OK
r-release-linux-x86_64 1.0 8.12 64.25 72.37 OK
r-release-macos-x86_64 1.0 OK
r-release-windows-ix86+x86_64 1.0 13.00 66.00 79.00 OK
r-oldrel-macos-x86_64 1.0 WARN
r-oldrel-windows-ix86+x86_64 1.0 12.00 79.00 91.00 OK

Check Details

Version: 1.0
Check: whether package can be installed
Result: WARN
    Found the following significant warnings:
     Warning: 'rgl.init' failed, running with 'rgl.useNULL = TRUE'.
Flavor: r-oldrel-macos-x86_64